{"id":1001,"date":"2019-10-23T14:14:35","date_gmt":"2019-10-23T14:14:35","guid":{"rendered":"https:\/\/ingenieriadebarcelona.es\/?page_id=1001"},"modified":"2019-10-23T14:21:02","modified_gmt":"2019-10-23T14:21:02","slug":"recambios-de-protesis","status":"publish","type":"page","link":"https:\/\/ingenieriadebarcelona.es\/?page_id=1001","title":{"rendered":"Recambios de Pr\u00f3tesis"},"content":{"rendered":"\t\t<div data-elementor-type=\"wp-page\" data-elementor-id=\"1001\" class=\"elementor elementor-1001\" data-elementor-post-type=\"page\">\n\t\t\t\t\t\t<section class=\"elementor-section elementor-top-section elementor-element elementor-element-b2b6fcc elementor-section-boxed elementor-section-height-default elementor-section-height-default\" data-id=\"b2b6fcc\" data-element_type=\"section\" data-settings=\"{&quot;background_background&quot;:&quot;classic&quot;}\">\n\t\t\t\t\t\t<div class=\"elementor-container elementor-column-gap-default\">\n\t\t\t\t\t<div class=\"elementor-column elementor-col-100 elementor-top-column elementor-element elementor-element-3c03816\" data-id=\"3c03816\" data-element_type=\"column\">\n\t\t\t<div class=\"elementor-widget-wrap elementor-element-populated\">\n\t\t\t\t\t\t\t<\/div>\n\t\t<\/div>\n\t\t\t\t\t<\/div>\n\t\t<\/section>\n\t\t\t\t<section class=\"elementor-section elementor-top-section elementor-element elementor-element-f2cb53a elementor-section-boxed elementor-section-height-default elementor-section-height-default\" data-id=\"f2cb53a\" data-element_type=\"section\">\n\t\t\t\t\t\t<div class=\"elementor-container elementor-column-gap-default\">\n\t\t\t\t\t<div class=\"elementor-column elementor-col-100 elementor-top-column elementor-element elementor-element-fbcee00\" data-id=\"fbcee00\" data-element_type=\"column\">\n\t\t\t<div class=\"elementor-widget-wrap elementor-element-populated\">\n\t\t\t\t\t\t<div class=\"elementor-element elementor-element-f9d6b5e elementor-widget elementor-widget-breadcrumbs\" data-id=\"f9d6b5e\" data-element_type=\"widget\" data-widget_type=\"breadcrumbs.default\">\n\t\t\t\t<div class=\"elementor-widget-container\">\n\t\t\t\t\t<p id=\"breadcrumbs\"><span><span><a href=\"https:\/\/ingenieriadebarcelona.es\/\">Inicio<\/a><\/span><\/span><\/p>\t\t\t\t<\/div>\n\t\t\t\t<\/div>\n\t\t\t\t\t<\/div>\n\t\t<\/div>\n\t\t\t\t\t<\/div>\n\t\t<\/section>\n\t\t\t\t<section class=\"elementor-section elementor-inner-section elementor-element elementor-element-b794d52 elementor-section-boxed elementor-section-height-default elementor-section-height-default\" data-id=\"b794d52\" data-element_type=\"section\">\n\t\t\t\t\t\t<div class=\"elementor-container elementor-column-gap-default\">\n\t\t\t\t\t<div class=\"elementor-column elementor-col-100 elementor-inner-column elementor-element elementor-element-21e86de\" data-id=\"21e86de\" data-element_type=\"column\">\n\t\t\t<div class=\"elementor-widget-wrap elementor-element-populated\">\n\t\t\t\t\t\t<div class=\"elementor-element elementor-element-b8c2f05 elementor-widget elementor-widget-heading\" data-id=\"b8c2f05\" data-element_type=\"widget\" data-widget_type=\"heading.default\">\n\t\t\t\t<div class=\"elementor-widget-container\">\n\t\t\t\t\t<h2 class=\"elementor-heading-title elementor-size-default\">PR\u00d3TESIS ASR<\/h2>\t\t\t\t<\/div>\n\t\t\t\t<\/div>\n\t\t\t\t<div class=\"elementor-element elementor-element-f88310c elementor-widget-divider--view-line elementor-widget elementor-widget-divider\" data-id=\"f88310c\" data-element_type=\"widget\" data-widget_type=\"divider.default\">\n\t\t\t\t<div class=\"elementor-widget-container\">\n\t\t\t\t\t\t\t<div class=\"elementor-divider\">\n\t\t\t<span class=\"elementor-divider-separator\">\n\t\t\t\t\t\t<\/span>\n\t\t<\/div>\n\t\t\t\t\t\t<\/div>\n\t\t\t\t<\/div>\n\t\t\t\t\t<\/div>\n\t\t<\/div>\n\t\t\t\t\t<\/div>\n\t\t<\/section>\n\t\t\t\t<section class=\"elementor-section elementor-top-section elementor-element elementor-element-2d29640 elementor-section-boxed elementor-section-height-default elementor-section-height-default\" data-id=\"2d29640\" data-element_type=\"section\">\n\t\t\t\t\t\t<div class=\"elementor-container elementor-column-gap-default\">\n\t\t\t\t\t<div class=\"elementor-column elementor-col-100 elementor-top-column elementor-element elementor-element-d20be3e\" data-id=\"d20be3e\" data-element_type=\"column\">\n\t\t\t<div class=\"elementor-widget-wrap elementor-element-populated\">\n\t\t\t\t\t\t<div class=\"elementor-element elementor-element-28d1269 elementor-widget elementor-widget-heading\" data-id=\"28d1269\" data-element_type=\"widget\" data-widget_type=\"heading.default\">\n\t\t\t\t<div class=\"elementor-widget-container\">\n\t\t\t\t\t<h3 class=\"elementor-heading-title elementor-size-default\">Informaci\u00f3n para los pacientes portadores de la pr\u00f3tesis ASR de la casa De Puy (Johnson &amp; Johnson)<\/h3>\t\t\t\t<\/div>\n\t\t\t\t<\/div>\n\t\t\t\t<div class=\"elementor-element elementor-element-7194731 elementor-widget elementor-widget-text-editor\" data-id=\"7194731\" data-element_type=\"widget\" data-widget_type=\"text-editor.default\">\n\t\t\t\t<div class=\"elementor-widget-container\">\n\t\t\t\t\t\t\t\t\t<p>En agosto de 2010 se retiraron del mercado mundial las pr\u00f3tesis de superficie ASR de De Puy, ya que los resultados esperados no fueron los previstos.Se ha observado que este modelo de pr\u00f3tesis precisa un recambio (revisi\u00f3n) superior a otros modelos. En general, la tasa de revisi\u00f3n a los 5 a\u00f1os es del 12% para la ASR siendo claramente superior a la tasa de revisi\u00f3n en otros modelos prot\u00e9sicos (6% a los 5 a\u00f1os y 12% a los 10 a\u00f1os).Este recambio es debido a que la fricci\u00f3n entre sus partes provoca que se desprendan en exceso micropart\u00edculas de la aleaci\u00f3n cromo-cobalto que pasan al:<\/p><ul><li>Tejido circundante a la pr\u00f3tesis provocando inflamaciones, sinovitis, pseudo tumores y necrosis que finalmente provocan una pr\u00f3tesis dolorosa con movilidad de sus componentes y con la necesidad de cambiarla por otra.<\/li><li>A la sangre provocando la elevaci\u00f3n de los iones cromo cobalto.<\/li><\/ul><p>La Sociedad Espa\u00f1ola de Cirug\u00eda de Cadera (SECCA) sugiere que todos los pacientes portadores de este tipo de pr\u00f3tesis (retirada del mercado) sigan un protocolo de seguimiento y vigilancia muy estrechos para evitar posibles complicaciones y anticipar el tratamiento m\u00e1s oportuno.<\/p>\t\t\t\t\t\t\t\t<\/div>\n\t\t\t\t<\/div>\n\t\t\t\t\t<\/div>\n\t\t<\/div>\n\t\t\t\t\t<\/div>\n\t\t<\/section>\n\t\t\t\t<section class=\"elementor-section elementor-top-section elementor-element elementor-element-e8b3962 elementor-section-boxed elementor-section-height-default elementor-section-height-default\" data-id=\"e8b3962\" data-element_type=\"section\">\n\t\t\t\t\t\t<div class=\"elementor-container elementor-column-gap-default\">\n\t\t\t\t\t<div class=\"elementor-column elementor-col-100 elementor-top-column elementor-element elementor-element-80d6a7d\" data-id=\"80d6a7d\" data-element_type=\"column\">\n\t\t\t<div class=\"elementor-widget-wrap elementor-element-populated\">\n\t\t\t\t\t\t<div class=\"elementor-element elementor-element-dccfd7a elementor-widget elementor-widget-heading\" data-id=\"dccfd7a\" data-element_type=\"widget\" data-widget_type=\"heading.default\">\n\t\t\t\t<div class=\"elementor-widget-container\">\n\t\t\t\t\t<h3 class=\"elementor-heading-title elementor-size-default\">Visitas de control anuales<\/h3>\t\t\t\t<\/div>\n\t\t\t\t<\/div>\n\t\t\t\t<div class=\"elementor-element elementor-element-e0dd39b elementor-widget elementor-widget-text-editor\" data-id=\"e0dd39b\" data-element_type=\"widget\" data-widget_type=\"text-editor.default\">\n\t\t\t\t<div class=\"elementor-widget-container\">\n\t\t\t\t\t\t\t\t\t<p>Como en el seguimiento de todas las pr\u00f3tesis se deben realizar visitas de control anuales donde se controla:<\/p><ul><li style=\"list-style-type: none;\"><ul><li>Estado del paciente<\/li><li>Evoluci\u00f3n radiol\u00f3gica<\/li><li>Evoluci\u00f3n de los an\u00e1lisis cl\u00ednicos.<\/li><\/ul><\/li><\/ul><p>Seg\u00fan este resultado tendremos pacientes que evolucionan correctamente o con problemas:<\/p><ul><li><u>Evoluci\u00f3n satisfactoria:\u00a0<\/u><br \/>En la mayor\u00eda de casos esto es as\u00ed. No existen estudios que demuestren la necesidad de realizar seguimientos especiales m\u00e1s all\u00e1 de revisiones rutinarias anuales.<\/li><li><u>Dolor prot\u00e9sico:\u00a0<\/u><br \/>Ser\u00e1 importante buscar la causa del dolor antes de atribuirlo directamente a la pr\u00f3tesis (infecciones, aflojamiento as\u00e9ptico de los componentes, la tendinitis o irritaci\u00f3n del psoas, la bursitis trocant\u00e9rica, fracturas, osteonecrosis, dolor referido desde columna vertebral, abdomen y\/o pelvis.)<\/li><li><u>Elevaci\u00f3n de iones en sangre u orina:\u00a0<\/u><br \/>Por lo general, estos niveles son bajos en pacientes con un buen funcionamiento de la pr\u00f3tesis. Niveles de cobalto o cromo en sangre de 7 ppb (?g\/l or ng\/ml) pueden considerarse como valor medio en estos implantes. Por debajo de este nivel el da\u00f1o es menos probable y parece que existe menor riesgo de fracaso del implante. Por encima de este nivel, los pacientes requieren una observaci\u00f3n m\u00e1s cercana y pueden requerir cirug\u00eda de revisi\u00f3n si se correlaciona con una mala evoluci\u00f3n cl\u00ednica y radiol\u00f3gica. No existe evidencia cient\u00edfica que un aumento aislado en la concentraci\u00f3n de iones met\u00e1licos en sangre, con una buena evoluci\u00f3n cl\u00ednica o radiol\u00f3gica, justifique la realizaci\u00f3n de una cirug\u00eda de revisi\u00f3n con retirada de la pr\u00f3tesis. Si bien es cierto que la intoxicaci\u00f3n por iones de cromo o cobalto (oral, respiratoria o por bomba de cobalto) puede producir muchas alteraciones sobre el organismo humano (dermatitis, alteraciones hematol\u00f3gicas y hasta efectos favorecedores del c\u00e1ncer) todo ello no se ha relacionado de forma directa con las pr\u00f3tesis de tipo \u201cresurfacing\u201d. Muchos de estos efectos son dosis dependientes y no est\u00e1 establecido a partir de qu\u00e9 dosis se presentar\u00e1n los efectos.<\/li><\/ul><p>En el caso que nos ocupa, pacientes portadores de pr\u00f3tesis con \u201croce\u201d metal contra metal, esperamos niveles elevados de cromo\/cobalto, pero sin repercusiones sobre la salud general. Este incremento se produce en la mayor\u00eda de pr\u00f3tesis con roce metal contra metal que llevan muchos a\u00f1os en el mercado y nunca han sido retirados por problemas relacionados con estos incrementos.<\/p>\t\t\t\t\t\t\t\t<\/div>\n\t\t\t\t<\/div>\n\t\t\t\t\t<\/div>\n\t\t<\/div>\n\t\t\t\t\t<\/div>\n\t\t<\/section>\n\t\t\t\t<section class=\"elementor-section elementor-top-section elementor-element elementor-element-6ed1f0c elementor-section-boxed elementor-section-height-default elementor-section-height-default\" data-id=\"6ed1f0c\" data-element_type=\"section\">\n\t\t\t\t\t\t<div class=\"elementor-container elementor-column-gap-default\">\n\t\t\t\t\t<div class=\"elementor-column elementor-col-100 elementor-top-column elementor-element elementor-element-b95d407\" data-id=\"b95d407\" data-element_type=\"column\">\n\t\t\t<div class=\"elementor-widget-wrap elementor-element-populated\">\n\t\t\t\t\t\t<div class=\"elementor-element elementor-element-400ea57 elementor-widget elementor-widget-heading\" data-id=\"400ea57\" data-element_type=\"widget\" data-widget_type=\"heading.default\">\n\t\t\t\t<div class=\"elementor-widget-container\">\n\t\t\t\t\t<h3 class=\"elementor-heading-title elementor-size-default\">Revisiones espec\u00edficas por problemas con las pr\u00f3tesis<\/h3>\t\t\t\t<\/div>\n\t\t\t\t<\/div>\n\t\t\t\t<div class=\"elementor-element elementor-element-6a49db7 elementor-widget elementor-widget-text-editor\" data-id=\"6a49db7\" data-element_type=\"widget\" data-widget_type=\"text-editor.default\">\n\t\t\t\t<div class=\"elementor-widget-container\">\n\t\t\t\t\t\t\t\t\t<p>Son aquellos que tras la revisi\u00f3n rutinaria existe:<\/p><ul><li>Dolor o empeoramiento del estado cl\u00ednico previo.<\/li><li>Estudio radiol\u00f3gico desfavorable.<\/li><\/ul><p>En estos casos solicitaremos estudios complementarios de Tomograf\u00eda axial Computerizada con cortes transversales (TAC) o la Resonancia Nuclear Magn\u00e9tica (RNM) con programas de reducci\u00f3n de artefactos.<\/p><p>Estas exploraciones pueden poner de manifiesto colecciones de l\u00edquido periarticular o lesiones qu\u00edsticas adversas frente a las part\u00edculas liberadas por el implante.<\/p><p>En este punto, seg\u00fan la gravedad del dolor o de las pruebas obtenidas, el cirujano informara al paciente de la necesidad o no de efectuar el recambio. En cualquier caso, cuando se establece la necesidad hay que actuar con prontitud, para evitar da\u00f1os por osteolisis progresiva en el hueso periprot\u00e9sico que dificultar\u00edan mucho la implantaci\u00f3n de otra pr\u00f3tesis.<\/p>\t\t\t\t\t\t\t\t<\/div>\n\t\t\t\t<\/div>\n\t\t\t\t\t<\/div>\n\t\t<\/div>\n\t\t\t\t\t<\/div>\n\t\t<\/section>\n\t\t\t\t<section class=\"elementor-section elementor-inner-section elementor-element elementor-element-caaa4b5 elementor-section-boxed elementor-section-height-default elementor-section-height-default\" data-id=\"caaa4b5\" data-element_type=\"section\">\n\t\t\t\t\t\t<div class=\"elementor-container elementor-column-gap-default\">\n\t\t\t\t\t<div class=\"elementor-column elementor-col-100 elementor-inner-column elementor-element elementor-element-9e64fb8\" data-id=\"9e64fb8\" data-element_type=\"column\">\n\t\t\t<div class=\"elementor-widget-wrap elementor-element-populated\">\n\t\t\t\t\t\t<div class=\"elementor-element elementor-element-1fe0b29 elementor-widget elementor-widget-heading\" data-id=\"1fe0b29\" data-element_type=\"widget\" data-widget_type=\"heading.default\">\n\t\t\t\t<div class=\"elementor-widget-container\">\n\t\t\t\t\t<h2 class=\"elementor-heading-title elementor-size-default\">RECAMBIOS DE PR\u00d3TESIS EN LA RODILLA<\/h2>\t\t\t\t<\/div>\n\t\t\t\t<\/div>\n\t\t\t\t<div class=\"elementor-element elementor-element-878aba0 elementor-widget-divider--view-line elementor-widget elementor-widget-divider\" data-id=\"878aba0\" data-element_type=\"widget\" data-widget_type=\"divider.default\">\n\t\t\t\t<div class=\"elementor-widget-container\">\n\t\t\t\t\t\t\t<div class=\"elementor-divider\">\n\t\t\t<span class=\"elementor-divider-separator\">\n\t\t\t\t\t\t<\/span>\n\t\t<\/div>\n\t\t\t\t\t\t<\/div>\n\t\t\t\t<\/div>\n\t\t\t\t\t<\/div>\n\t\t<\/div>\n\t\t\t\t\t<\/div>\n\t\t<\/section>\n\t\t\t\t<section class=\"elementor-section elementor-top-section elementor-element elementor-element-b23ec6d elementor-section-boxed elementor-section-height-default elementor-section-height-default\" data-id=\"b23ec6d\" data-element_type=\"section\">\n\t\t\t\t\t\t<div class=\"elementor-container elementor-column-gap-default\">\n\t\t\t\t\t<div class=\"elementor-column elementor-col-100 elementor-top-column elementor-element elementor-element-6a50cf4\" data-id=\"6a50cf4\" data-element_type=\"column\">\n\t\t\t<div class=\"elementor-widget-wrap elementor-element-populated\">\n\t\t\t\t\t\t<div class=\"elementor-element elementor-element-168dc50 elementor-widget elementor-widget-text-editor\" data-id=\"168dc50\" data-element_type=\"widget\" data-widget_type=\"text-editor.default\">\n\t\t\t\t<div class=\"elementor-widget-container\">\n\t\t\t\t\t\t\t\t\t<p style=\"background: white; margin: 0cm 0cm 18.0pt 0cm;\"><span style=\"font-size: 11.5pt; font-family: 'Arial',sans-serif; color: #7a7a7a;\">El buen resultado quir\u00fargico de las pr\u00f3tesis de rodilla implantadas a causa de lesiones destructivas y dolorosas de la articulaci\u00f3n, su superioridad sobre otras t\u00e9cnicas (osteotom\u00edas, artroscopias, artrodesis, etc.) y su reproducibilidad ha hecho que esta t\u00e9cnica se venga aplicando de forma sistem\u00e1tica y en mayor cuant\u00eda a\u00f1o tras a\u00f1o en las \u00faltimas d\u00e9cadas.<\/span><\/p><p style=\"background: white; margin: 0cm 0cm 18.0pt 0cm;\"><span style=\"font-size: 11.5pt; font-family: 'Arial',sans-serif; color: #7a7a7a;\">A causa del gran n\u00famero de pr\u00f3tesis implantadas y el aumento de la esperanza de vida de la poblaci\u00f3n general hace que cada d\u00eda el acto quir\u00fargico de recambio de pr\u00f3tesis de rodilla sea m\u00e1s frecuente. Ello se acent\u00faa entre los pacientes operados por cirujanos que llevamos m\u00e1s de 20 a\u00f1os efectuando esta cirug\u00eda ya que nos vemos obligados a sustituir aquellas pr\u00f3tesis que nosotros mismos hemos implantado a causa del desgaste y aflojamiento natural de los componentes.<\/span><\/p><p style=\"background: white; margin: 0cm 0cm 18.0pt 0cm;\"><span style=\"font-size: 11.5pt; font-family: 'Arial',sans-serif; color: #7a7a7a;\">En el caso de nuestro video se muestra el recambio de una MEDIA PROTESIS DE RODILLA POR UNA PROTESIS COMPLETA. En los \u00faltimos a\u00f1os est\u00e1n eclosionando y se han desarrollado muchos modelos distintos de pr\u00f3tesis para solucionar problemas concretos como: los tumores (pr\u00f3tesis tumorales), destrucci\u00f3n PARCIAL de la rodilla (pr\u00f3tesis parciales de rotula\/tr\u00f3clea o parcial de f\u00e9mur\/tibia), las alergias (pr\u00f3tesis con metales no alerg\u00e9nicos) o pr\u00f3tesis especiales para los recambios.<\/span><\/p><p style=\"background: white; margin: 0cm 0cm 18.0pt 0cm;\"><span style=\"font-size: 11.5pt; font-family: 'Arial',sans-serif; color: #7a7a7a;\">Todo ello hace posible que el cirujano pueda ofrecer a sus pacientes una gran variedad de soluciones quir\u00fargicas para recuperar la funcionalidad de la rodilla dolorosa y no funcional. Este tipo de cirug\u00eda de recambio de pr\u00f3tesis de rodilla es t\u00e9cnicamente muy exigente y requiere cirujanos experimentados.<\/span><\/p>\t\t\t\t\t\t\t\t<\/div>\n\t\t\t\t<\/div>\n\t\t\t\t\t<\/div>\n\t\t<\/div>\n\t\t\t\t\t<\/div>\n\t\t<\/section>\n\t\t\t\t<section class=\"elementor-section elementor-top-section elementor-element elementor-element-5ffdfbb elementor-section-boxed elementor-section-height-default elementor-section-height-default\" data-id=\"5ffdfbb\" data-element_type=\"section\">\n\t\t\t\t\t\t<div class=\"elementor-container elementor-column-gap-default\">\n\t\t\t\t\t<div class=\"elementor-column elementor-col-100 elementor-top-column elementor-element elementor-element-13dd2a0\" data-id=\"13dd2a0\" data-element_type=\"column\">\n\t\t\t<div class=\"elementor-widget-wrap elementor-element-populated\">\n\t\t\t\t\t\t<div class=\"elementor-element elementor-element-e74b7f5 elementor-widget elementor-widget-video\" data-id=\"e74b7f5\" data-element_type=\"widget\" data-settings=\"{&quot;youtube_url&quot;:&quot;https:\\\/\\\/www.youtube.com\\\/watch?v=HpbwRXZ6AqI&quot;,&quot;video_type&quot;:&quot;youtube&quot;,&quot;controls&quot;:&quot;yes&quot;}\" data-widget_type=\"video.default\">\n\t\t\t\t<div class=\"elementor-widget-container\">\n\t\t\t\t\t\t\t<div class=\"elementor-wrapper elementor-open-inline\">\n\t\t\t<div class=\"elementor-video\"><\/div>\t\t<\/div>\n\t\t\t\t\t\t<\/div>\n\t\t\t\t<\/div>\n\t\t\t\t\t<\/div>\n\t\t<\/div>\n\t\t\t\t\t<\/div>\n\t\t<\/section>\n\t\t\t\t<\/div>\n\t\t","protected":false},"excerpt":{"rendered":"<p>PR\u00d3TESIS ASR Informaci\u00f3n para los pacientes portadores de la pr\u00f3tesis ASR de la casa De Puy (Johnson &amp; Johnson) En agosto de 2010 se retiraron del mercado mundial las pr\u00f3tesis de superficie ASR de De Puy, ya que los resultados esperados no fueron los previstos.Se ha observado que este modelo de pr\u00f3tesis precisa un recambio &#8230; <a title=\"Recambios de Pr\u00f3tesis\" class=\"read-more\" href=\"https:\/\/ingenieriadebarcelona.es\/?page_id=1001\" aria-label=\"Leer m\u00e1s sobre Recambios de Pr\u00f3tesis\">Read more<\/a><\/p>\n","protected":false},"author":1,"featured_media":0,"parent":0,"menu_order":0,"comment_status":"closed","ping_status":"closed","template":"","meta":{"footnotes":""},"class_list":["post-1001","page","type-page","status-publish"],"yoast_head":"<!-- This site is optimized with the Yoast SEO plugin v26.3 - https:\/\/yoast.com\/wordpress\/plugins\/seo\/ -->\n<title>Recambios de Pr\u00f3tesis - Artroesport<\/title>\n<meta name=\"robots\" content=\"index, follow, max-snippet:-1, max-image-preview:large, max-video-preview:-1\" \/>\n<link rel=\"canonical\" href=\"https:\/\/ingenieriadebarcelona.es\/?page_id=1001\" \/>\n<meta property=\"og:locale\" content=\"es_ES\" \/>\n<meta property=\"og:type\" content=\"article\" \/>\n<meta property=\"og:title\" content=\"Recambios de Pr\u00f3tesis - Artroesport\" \/>\n<meta property=\"og:description\" content=\"PR\u00d3TESIS ASR Informaci\u00f3n para los pacientes portadores de la pr\u00f3tesis ASR de la casa De Puy (Johnson &amp; Johnson) En agosto de 2010 se retiraron del mercado mundial las pr\u00f3tesis de superficie ASR de De Puy, ya que los resultados esperados no fueron los previstos.Se ha observado que este modelo de pr\u00f3tesis precisa un recambio ... Read more\" \/>\n<meta property=\"og:url\" content=\"https:\/\/ingenieriadebarcelona.es\/?page_id=1001\" \/>\n<meta property=\"og:site_name\" content=\"Artroesport\" \/>\n<meta property=\"article:modified_time\" content=\"2019-10-23T14:21:02+00:00\" \/>\n<meta name=\"twitter:card\" content=\"summary_large_image\" \/>\n<meta name=\"twitter:label1\" content=\"Tiempo de lectura\" \/>\n\t<meta name=\"twitter:data1\" content=\"5 minutos\" \/>\n<script type=\"application\/ld+json\" class=\"yoast-schema-graph\">{\"@context\":\"https:\/\/schema.org\",\"@graph\":[{\"@type\":\"WebPage\",\"@id\":\"https:\/\/ingenieriadebarcelona.es\/?page_id=1001\",\"url\":\"https:\/\/ingenieriadebarcelona.es\/?page_id=1001\",\"name\":\"Recambios de Pr\u00f3tesis - Artroesport\",\"isPartOf\":{\"@id\":\"https:\/\/ingenieriadebarcelona.es\/#website\"},\"datePublished\":\"2019-10-23T14:14:35+00:00\",\"dateModified\":\"2019-10-23T14:21:02+00:00\",\"breadcrumb\":{\"@id\":\"https:\/\/ingenieriadebarcelona.es\/?page_id=1001#breadcrumb\"},\"inLanguage\":\"es\",\"potentialAction\":[{\"@type\":\"ReadAction\",\"target\":[\"https:\/\/ingenieriadebarcelona.es\/?page_id=1001\"]}]},{\"@type\":\"BreadcrumbList\",\"@id\":\"https:\/\/ingenieriadebarcelona.es\/?page_id=1001#breadcrumb\",\"itemListElement\":[{\"@type\":\"ListItem\",\"position\":1,\"name\":\"Inicio\",\"item\":\"https:\/\/ingenieriadebarcelona.es\/\"},{\"@type\":\"ListItem\",\"position\":2,\"name\":\"Recambios de Pr\u00f3tesis\"}]},{\"@type\":\"WebSite\",\"@id\":\"https:\/\/ingenieriadebarcelona.es\/#website\",\"url\":\"https:\/\/ingenieriadebarcelona.es\/\",\"name\":\"Artroesport\",\"description\":\"Artroesport\",\"publisher\":{\"@id\":\"https:\/\/ingenieriadebarcelona.es\/#organization\"},\"potentialAction\":[{\"@type\":\"SearchAction\",\"target\":{\"@type\":\"EntryPoint\",\"urlTemplate\":\"https:\/\/ingenieriadebarcelona.es\/?s={search_term_string}\"},\"query-input\":{\"@type\":\"PropertyValueSpecification\",\"valueRequired\":true,\"valueName\":\"search_term_string\"}}],\"inLanguage\":\"es\"},{\"@type\":\"Organization\",\"@id\":\"https:\/\/ingenieriadebarcelona.es\/#organization\",\"name\":\"Artroesport\",\"url\":\"https:\/\/ingenieriadebarcelona.es\/\",\"logo\":{\"@type\":\"ImageObject\",\"inLanguage\":\"es\",\"@id\":\"https:\/\/ingenieriadebarcelona.es\/#\/schema\/logo\/image\/\",\"url\":\"https:\/\/ingenieriadebarcelona.es\/wp-content\/uploads\/2019\/04\/Logo_web-300.png\",\"contentUrl\":\"https:\/\/ingenieriadebarcelona.es\/wp-content\/uploads\/2019\/04\/Logo_web-300.png\",\"width\":300,\"height\":45,\"caption\":\"Artroesport\"},\"image\":{\"@id\":\"https:\/\/ingenieriadebarcelona.es\/#\/schema\/logo\/image\/\"}}]}<\/script>\n<!-- \/ Yoast SEO plugin. -->","yoast_head_json":{"title":"Recambios de Pr\u00f3tesis - Artroesport","robots":{"index":"index","follow":"follow","max-snippet":"max-snippet:-1","max-image-preview":"max-image-preview:large","max-video-preview":"max-video-preview:-1"},"canonical":"https:\/\/ingenieriadebarcelona.es\/?page_id=1001","og_locale":"es_ES","og_type":"article","og_title":"Recambios de Pr\u00f3tesis - Artroesport","og_description":"PR\u00d3TESIS ASR Informaci\u00f3n para los pacientes portadores de la pr\u00f3tesis ASR de la casa De Puy (Johnson &amp; Johnson) En agosto de 2010 se retiraron del mercado mundial las pr\u00f3tesis de superficie ASR de De Puy, ya que los resultados esperados no fueron los previstos.Se ha observado que este modelo de pr\u00f3tesis precisa un recambio ... Read more","og_url":"https:\/\/ingenieriadebarcelona.es\/?page_id=1001","og_site_name":"Artroesport","article_modified_time":"2019-10-23T14:21:02+00:00","twitter_card":"summary_large_image","twitter_misc":{"Tiempo de lectura":"5 minutos"},"schema":{"@context":"https:\/\/schema.org","@graph":[{"@type":"WebPage","@id":"https:\/\/ingenieriadebarcelona.es\/?page_id=1001","url":"https:\/\/ingenieriadebarcelona.es\/?page_id=1001","name":"Recambios de Pr\u00f3tesis - Artroesport","isPartOf":{"@id":"https:\/\/ingenieriadebarcelona.es\/#website"},"datePublished":"2019-10-23T14:14:35+00:00","dateModified":"2019-10-23T14:21:02+00:00","breadcrumb":{"@id":"https:\/\/ingenieriadebarcelona.es\/?page_id=1001#breadcrumb"},"inLanguage":"es","potentialAction":[{"@type":"ReadAction","target":["https:\/\/ingenieriadebarcelona.es\/?page_id=1001"]}]},{"@type":"BreadcrumbList","@id":"https:\/\/ingenieriadebarcelona.es\/?page_id=1001#breadcrumb","itemListElement":[{"@type":"ListItem","position":1,"name":"Inicio","item":"https:\/\/ingenieriadebarcelona.es\/"},{"@type":"ListItem","position":2,"name":"Recambios de Pr\u00f3tesis"}]},{"@type":"WebSite","@id":"https:\/\/ingenieriadebarcelona.es\/#website","url":"https:\/\/ingenieriadebarcelona.es\/","name":"Artroesport","description":"Artroesport","publisher":{"@id":"https:\/\/ingenieriadebarcelona.es\/#organization"},"potentialAction":[{"@type":"SearchAction","target":{"@type":"EntryPoint","urlTemplate":"https:\/\/ingenieriadebarcelona.es\/?s={search_term_string}"},"query-input":{"@type":"PropertyValueSpecification","valueRequired":true,"valueName":"search_term_string"}}],"inLanguage":"es"},{"@type":"Organization","@id":"https:\/\/ingenieriadebarcelona.es\/#organization","name":"Artroesport","url":"https:\/\/ingenieriadebarcelona.es\/","logo":{"@type":"ImageObject","inLanguage":"es","@id":"https:\/\/ingenieriadebarcelona.es\/#\/schema\/logo\/image\/","url":"https:\/\/ingenieriadebarcelona.es\/wp-content\/uploads\/2019\/04\/Logo_web-300.png","contentUrl":"https:\/\/ingenieriadebarcelona.es\/wp-content\/uploads\/2019\/04\/Logo_web-300.png","width":300,"height":45,"caption":"Artroesport"},"image":{"@id":"https:\/\/ingenieriadebarcelona.es\/#\/schema\/logo\/image\/"}}]}},"_links":{"self":[{"href":"https:\/\/ingenieriadebarcelona.es\/index.php?rest_route=\/wp\/v2\/pages\/1001","targetHints":{"allow":["GET"]}}],"collection":[{"href":"https:\/\/ingenieriadebarcelona.es\/index.php?rest_route=\/wp\/v2\/pages"}],"about":[{"href":"https:\/\/ingenieriadebarcelona.es\/index.php?rest_route=\/wp\/v2\/types\/page"}],"author":[{"embeddable":true,"href":"https:\/\/ingenieriadebarcelona.es\/index.php?rest_route=\/wp\/v2\/users\/1"}],"replies":[{"embeddable":true,"href":"https:\/\/ingenieriadebarcelona.es\/index.php?rest_route=%2Fwp%2Fv2%2Fcomments&post=1001"}],"version-history":[{"count":0,"href":"https:\/\/ingenieriadebarcelona.es\/index.php?rest_route=\/wp\/v2\/pages\/1001\/revisions"}],"wp:attachment":[{"href":"https:\/\/ingenieriadebarcelona.es\/index.php?rest_route=%2Fwp%2Fv2%2Fmedia&parent=1001"}],"curies":[{"name":"wp","href":"https:\/\/api.w.org\/{rel}","templated":true}]}}