{"id":399,"date":"2019-03-25T12:15:08","date_gmt":"2019-03-25T12:15:08","guid":{"rendered":"https:\/\/ingenieriadebarcelona.es\/?page_id=399"},"modified":"2019-03-25T12:43:32","modified_gmt":"2019-03-25T12:43:32","slug":"ligamento-cruzado-posterior","status":"publish","type":"page","link":"https:\/\/ingenieriadebarcelona.es\/?page_id=399","title":{"rendered":"Ligamento Cruzado Posterior"},"content":{"rendered":"\t\t<div data-elementor-type=\"wp-post\" data-elementor-id=\"399\" class=\"elementor elementor-399\" data-elementor-post-type=\"page\">\n\t\t\t\t\t\t<section class=\"elementor-section elementor-top-section elementor-element elementor-element-1369f642 elementor-section-boxed elementor-section-height-default elementor-section-height-default\" data-id=\"1369f642\" data-element_type=\"section\" data-settings=\"{&quot;background_background&quot;:&quot;classic&quot;}\">\n\t\t\t\t\t\t<div class=\"elementor-container elementor-column-gap-default\">\n\t\t\t\t\t<div class=\"elementor-column elementor-col-100 elementor-top-column elementor-element elementor-element-33a0713d\" data-id=\"33a0713d\" data-element_type=\"column\">\n\t\t\t<div class=\"elementor-widget-wrap elementor-element-populated\">\n\t\t\t\t\t\t<div class=\"elementor-element elementor-element-58dcdd11 elementor-widget elementor-widget-heading\" data-id=\"58dcdd11\" data-element_type=\"widget\" data-widget_type=\"heading.default\">\n\t\t\t\t<div class=\"elementor-widget-container\">\n\t\t\t\t\t<h1 class=\"elementor-heading-title elementor-size-default\">Ligamento Cruzado Posterior<\/h1>\t\t\t\t<\/div>\n\t\t\t\t<\/div>\n\t\t\t\t\t<\/div>\n\t\t<\/div>\n\t\t\t\t\t<\/div>\n\t\t<\/section>\n\t\t\t\t<section class=\"elementor-section elementor-top-section elementor-element elementor-element-65a8abb8 elementor-section-boxed elementor-section-height-default elementor-section-height-default\" data-id=\"65a8abb8\" data-element_type=\"section\">\n\t\t\t\t\t\t<div class=\"elementor-container elementor-column-gap-default\">\n\t\t\t\t\t<div class=\"elementor-column elementor-col-100 elementor-top-column elementor-element elementor-element-2a3b4f24\" data-id=\"2a3b4f24\" data-element_type=\"column\">\n\t\t\t<div class=\"elementor-widget-wrap elementor-element-populated\">\n\t\t\t\t\t\t<div class=\"elementor-element elementor-element-646c9768 elementor-widget elementor-widget-breadcrumbs\" data-id=\"646c9768\" data-element_type=\"widget\" data-widget_type=\"breadcrumbs.default\">\n\t\t\t\t<div class=\"elementor-widget-container\">\n\t\t\t\t\t<p id=\"breadcrumbs\"><span><span><a href=\"https:\/\/ingenieriadebarcelona.es\/\">Inicio<\/a><\/span><\/span><\/p>\t\t\t\t<\/div>\n\t\t\t\t<\/div>\n\t\t\t\t\t<\/div>\n\t\t<\/div>\n\t\t\t\t\t<\/div>\n\t\t<\/section>\n\t\t\t\t<section class=\"elementor-section elementor-top-section elementor-element elementor-element-62a43e8d elementor-section-boxed elementor-section-height-default elementor-section-height-default\" data-id=\"62a43e8d\" data-element_type=\"section\">\n\t\t\t\t\t\t<div class=\"elementor-container elementor-column-gap-default\">\n\t\t\t\t\t<div class=\"elementor-column elementor-col-100 elementor-top-column elementor-element elementor-element-458a22a0\" data-id=\"458a22a0\" data-element_type=\"column\">\n\t\t\t<div class=\"elementor-widget-wrap elementor-element-populated\">\n\t\t\t\t\t\t<div class=\"elementor-element elementor-element-10eb2d7d elementor-widget elementor-widget-text-editor\" data-id=\"10eb2d7d\" data-element_type=\"widget\" data-widget_type=\"text-editor.default\">\n\t\t\t\t<div class=\"elementor-widget-container\">\n\t\t\t\t\t\t\t\t\t<p><b>1. \u00bfQu\u00e9 es el ligamento cruzado posterior (LCP)?<\/b><\/p><p>El ligamento cruzado posterior es un ligamento fuerte y potente (mas que el ligamento cruzado anterior) que se localiza en la cara posterior superior de la tibia\u00a0 y en la cara inferior interna del f\u00e9mur, evitando que la tibia no se vaya hacia atr\u00e1s con respecto al f\u00e9mur. Las lesiones del LCP son menos frecuentes que la del LCA.<\/p><p><b>2. \u00bfCuales son las causas m\u00e1s comunes de lesion?<\/b><\/p><p>Las lesiones del LCP, ligamento cruzado posterior, se producen por un mecanismo traum\u00e1tico directo con extensi\u00f3n brusca (hiperxtension) de rodilla con traslaci\u00f3n de la tibia hacia atr\u00e1s.<\/p><p>Generalmente se acompa\u00f1an de otras lesiones, debido al impacto grave.<\/p><p>Los s\u00edntomas mas comunes son dolor en la cara posterior de la rodilla (corva), hinchaz\u00f3n de la rodilla (generalmente menor que en las lesiones del LCA) y puede conllevar una sensaci\u00f3n de inestabilidad.<\/p><p><b>3. \u00bfCu\u00e1les son los tratamientos?<\/b><\/p><p>El LCP se puede tratar quir\u00fargicamente o no, dependiendo de la actividad f\u00edsica, demanda del paciente, grado de inestabilidad subjetiva-objetiva y presencia o no de lesiones asociadas (menisco, otros ligamentos).<\/p><p>El tratamiento no quir\u00fargico consiste en primera instancia en desinflamar la rodilla (aine, hielo local, reposo) inmovilizar con ortesis (rodillera) para ayudar a desinflamar, aliviar el dolor y ayudar a cicatrizar las lesiones asociadas (ligamentos laterales). Luego se comenzara con el tratamiento de rehabilitaci\u00f3n para reforzar la musculatura de la pierna, tanto flexores (isquiotibilares) como extensores (cuadriceps) ayudando a estabilizar la rodilla, tambi\u00e9n se realizar\u00e1n ejercicios propioceptivos.<\/p><p>El tratamiento quir\u00fargico consiste en realizar una plagia del LCP por v\u00eda\u00a0<a href=\"https:\/\/ingenieriadebarcelona.es\/traumatologia\/artroscopia\/\">artrosc\u00f3pica\u00a0<\/a>tanto con injerto aut\u00f3logo (del paciente) como de cad\u00e1ver (en este caso el m\u00e1s usado es el injerto del tend\u00f3n de Aquiles).<\/p><p><b>4. \u00bfC\u00f3mo es el Postoperatorio?<\/b><\/p><p>El paciente estar\u00e1 ingresado en la cl\u00ednica entre 24 y 48h.<\/p><p>Se colocar\u00e1 un vendaje compresivo y ortesis (rodillera) en extensi\u00f3n para evitar la traslaci\u00f3n posterior de la tibia por la gravedad. Es m\u00e1s conservadora la rehabilitaci\u00f3n que en las plastias del LCA.<\/p><p>Se comenzara con flexi\u00f3n progresiva de rodilla en posici\u00f3n prono (boca abajo) con isom\u00e9tricos de cu\u00e1driceps. Los ejercidos de flexi\u00f3n ser\u00e1n pasivos hasta la 12 semana.<\/p><p>El retorno a las actividades deportivas es 9 meses en lesiones aisladas y 12 meses en lesiones combinadas.\u00a0<\/p>\t\t\t\t\t\t\t\t<\/div>\n\t\t\t\t<\/div>\n\t\t\t\t\t<\/div>\n\t\t<\/div>\n\t\t\t\t\t<\/div>\n\t\t<\/section>\n\t\t\t\t<section class=\"elementor-section elementor-top-section elementor-element elementor-element-7d64967d elementor-section-boxed elementor-section-height-default elementor-section-height-default\" data-id=\"7d64967d\" data-element_type=\"section\">\n\t\t\t\t\t\t<div class=\"elementor-container elementor-column-gap-default\">\n\t\t\t\t\t<div class=\"elementor-column elementor-col-100 elementor-top-column elementor-element elementor-element-2c545df1\" data-id=\"2c545df1\" data-element_type=\"column\">\n\t\t\t<div class=\"elementor-widget-wrap elementor-element-populated\">\n\t\t\t\t\t\t<div class=\"elementor-element elementor-element-2d98f54 elementor-widget elementor-widget-heading\" data-id=\"2d98f54\" data-element_type=\"widget\" data-widget_type=\"heading.default\">\n\t\t\t\t<div class=\"elementor-widget-container\">\n\t\t\t\t\t<h2 class=\"elementor-heading-title elementor-size-default\">Art\u00edculos relacionados<\/h2>\t\t\t\t<\/div>\n\t\t\t\t<\/div>\n\t\t\t\t<div class=\"elementor-element elementor-element-50080f4f elementor-icon-list--layout-traditional elementor-list-item-link-full_width elementor-widget elementor-widget-icon-list\" data-id=\"50080f4f\" data-element_type=\"widget\" data-widget_type=\"icon-list.default\">\n\t\t\t\t<div class=\"elementor-widget-container\">\n\t\t\t\t\t\t\t<ul class=\"elementor-icon-list-items\">\n\t\t\t\t\t\t\t<li class=\"elementor-icon-list-item\">\n\t\t\t\t\t\t\t\t\t\t\t<span class=\"elementor-icon-list-icon\">\n\t\t\t\t\t\t\t\t\t\t\t\t\t\t\t\t<i class=\"fa fa-chevron-right\" aria-hidden=\"true\"><\/i>\n\t\t\t\t\t\t\t\t\t\t\t\t\t<\/span>\n\t\t\t\t\t\t\t\t\t\t<span class=\"elementor-icon-list-text\">Cirug\u00eda Carles Puyol - Quiste de Baquer<\/span>\n\t\t\t\t\t\t\t\t\t<\/li>\n\t\t\t\t\t\t\t\t<li class=\"elementor-icon-list-item\">\n\t\t\t\t\t\t\t\t\t\t\t<span class=\"elementor-icon-list-icon\">\n\t\t\t\t\t\t\t\t\t\t\t\t\t\t\t\t<i class=\"fa fa-chevron-right\" aria-hidden=\"true\"><\/i>\n\t\t\t\t\t\t\t\t\t\t\t\t\t<\/span>\n\t\t\t\t\t\t\t\t\t\t<span class=\"elementor-icon-list-text\">Matins a TV3 - El desgaste de las articulaciones<\/span>\n\t\t\t\t\t\t\t\t\t<\/li>\n\t\t\t\t\t\t\t\t<li class=\"elementor-icon-list-item\">\n\t\t\t\t\t\t\t\t\t\t\t<span class=\"elementor-icon-list-icon\">\n\t\t\t\t\t\t\t\t\t\t\t\t\t\t\t\t<i class=\"fa fa-chevron-right\" aria-hidden=\"true\"><\/i>\n\t\t\t\t\t\t\t\t\t\t\t\t\t<\/span>\n\t\t\t\t\t\t\t\t\t\t<span class=\"elementor-icon-list-text\">Lesi\u00f3n Rafa Nadal (Tend\u00f3n Rotuliano)<\/span>\n\t\t\t\t\t\t\t\t\t<\/li>\n\t\t\t\t\t\t<\/ul>\n\t\t\t\t\t\t<\/div>\n\t\t\t\t<\/div>\n\t\t\t\t\t<\/div>\n\t\t<\/div>\n\t\t\t\t\t<\/div>\n\t\t<\/section>\n\t\t\t\t<\/div>\n\t\t","protected":false},"excerpt":{"rendered":"<p>Ligamento Cruzado Posterior 1. \u00bfQu\u00e9 es el ligamento cruzado posterior (LCP)? El ligamento cruzado posterior es un ligamento fuerte y potente (mas que el ligamento cruzado anterior) que se localiza en la cara posterior superior de la tibia\u00a0 y en la cara inferior interna del f\u00e9mur, evitando que la tibia no se vaya hacia atr\u00e1s &#8230; <a title=\"Ligamento Cruzado Posterior\" class=\"read-more\" href=\"https:\/\/ingenieriadebarcelona.es\/?page_id=399\" aria-label=\"Leer m\u00e1s sobre Ligamento Cruzado Posterior\">Read more<\/a><\/p>\n","protected":false},"author":1,"featured_media":0,"parent":371,"menu_order":0,"comment_status":"closed","ping_status":"closed","template":"","meta":{"footnotes":""},"class_list":["post-399","page","type-page","status-publish"],"yoast_head":"<!-- This site is optimized with the Yoast SEO plugin v26.3 - https:\/\/yoast.com\/wordpress\/plugins\/seo\/ -->\n<title>Ligamento Cruzado Posterior - Artroesport<\/title>\n<meta name=\"robots\" content=\"index, follow, max-snippet:-1, max-image-preview:large, max-video-preview:-1\" \/>\n<link rel=\"canonical\" href=\"https:\/\/ingenieriadebarcelona.es\/?page_id=399\" \/>\n<meta property=\"og:locale\" content=\"es_ES\" \/>\n<meta property=\"og:type\" content=\"article\" \/>\n<meta property=\"og:title\" content=\"Ligamento Cruzado Posterior - Artroesport\" \/>\n<meta property=\"og:description\" content=\"Ligamento Cruzado Posterior 1. \u00bfQu\u00e9 es el ligamento cruzado posterior (LCP)? El ligamento cruzado posterior es un ligamento fuerte y potente (mas que el ligamento cruzado anterior) que se localiza en la cara posterior superior de la tibia\u00a0 y en la cara inferior interna del f\u00e9mur, evitando que la tibia no se vaya hacia atr\u00e1s ... Read more\" \/>\n<meta property=\"og:url\" content=\"https:\/\/ingenieriadebarcelona.es\/?page_id=399\" \/>\n<meta property=\"og:site_name\" content=\"Artroesport\" \/>\n<meta property=\"article:modified_time\" content=\"2019-03-25T12:43:32+00:00\" \/>\n<meta name=\"twitter:card\" content=\"summary_large_image\" \/>\n<meta name=\"twitter:label1\" content=\"Tiempo de lectura\" \/>\n\t<meta name=\"twitter:data1\" content=\"2 minutos\" \/>\n<script type=\"application\/ld+json\" class=\"yoast-schema-graph\">{\"@context\":\"https:\/\/schema.org\",\"@graph\":[{\"@type\":\"WebPage\",\"@id\":\"https:\/\/ingenieriadebarcelona.es\/?page_id=399\",\"url\":\"https:\/\/ingenieriadebarcelona.es\/?page_id=399\",\"name\":\"Ligamento Cruzado Posterior - Artroesport\",\"isPartOf\":{\"@id\":\"https:\/\/ingenieriadebarcelona.es\/#website\"},\"datePublished\":\"2019-03-25T12:15:08+00:00\",\"dateModified\":\"2019-03-25T12:43:32+00:00\",\"breadcrumb\":{\"@id\":\"https:\/\/ingenieriadebarcelona.es\/?page_id=399#breadcrumb\"},\"inLanguage\":\"es\",\"potentialAction\":[{\"@type\":\"ReadAction\",\"target\":[\"https:\/\/ingenieriadebarcelona.es\/?page_id=399\"]}]},{\"@type\":\"BreadcrumbList\",\"@id\":\"https:\/\/ingenieriadebarcelona.es\/?page_id=399#breadcrumb\",\"itemListElement\":[{\"@type\":\"ListItem\",\"position\":1,\"name\":\"Inicio\",\"item\":\"https:\/\/ingenieriadebarcelona.es\/\"},{\"@type\":\"ListItem\",\"position\":2,\"name\":\"Traumatolog\u00eda\",\"item\":\"https:\/\/ingenieriadebarcelona.es\/?page_id=371\"},{\"@type\":\"ListItem\",\"position\":3,\"name\":\"Ligamento Cruzado Posterior\"}]},{\"@type\":\"WebSite\",\"@id\":\"https:\/\/ingenieriadebarcelona.es\/#website\",\"url\":\"https:\/\/ingenieriadebarcelona.es\/\",\"name\":\"Artroesport\",\"description\":\"Artroesport\",\"publisher\":{\"@id\":\"https:\/\/ingenieriadebarcelona.es\/#organization\"},\"potentialAction\":[{\"@type\":\"SearchAction\",\"target\":{\"@type\":\"EntryPoint\",\"urlTemplate\":\"https:\/\/ingenieriadebarcelona.es\/?s={search_term_string}\"},\"query-input\":{\"@type\":\"PropertyValueSpecification\",\"valueRequired\":true,\"valueName\":\"search_term_string\"}}],\"inLanguage\":\"es\"},{\"@type\":\"Organization\",\"@id\":\"https:\/\/ingenieriadebarcelona.es\/#organization\",\"name\":\"Artroesport\",\"url\":\"https:\/\/ingenieriadebarcelona.es\/\",\"logo\":{\"@type\":\"ImageObject\",\"inLanguage\":\"es\",\"@id\":\"https:\/\/ingenieriadebarcelona.es\/#\/schema\/logo\/image\/\",\"url\":\"https:\/\/ingenieriadebarcelona.es\/wp-content\/uploads\/2019\/04\/Logo_web-300.png\",\"contentUrl\":\"https:\/\/ingenieriadebarcelona.es\/wp-content\/uploads\/2019\/04\/Logo_web-300.png\",\"width\":300,\"height\":45,\"caption\":\"Artroesport\"},\"image\":{\"@id\":\"https:\/\/ingenieriadebarcelona.es\/#\/schema\/logo\/image\/\"}}]}<\/script>\n<!-- \/ Yoast SEO plugin. -->","yoast_head_json":{"title":"Ligamento Cruzado Posterior - Artroesport","robots":{"index":"index","follow":"follow","max-snippet":"max-snippet:-1","max-image-preview":"max-image-preview:large","max-video-preview":"max-video-preview:-1"},"canonical":"https:\/\/ingenieriadebarcelona.es\/?page_id=399","og_locale":"es_ES","og_type":"article","og_title":"Ligamento Cruzado Posterior - Artroesport","og_description":"Ligamento Cruzado Posterior 1. \u00bfQu\u00e9 es el ligamento cruzado posterior (LCP)? El ligamento cruzado posterior es un ligamento fuerte y potente (mas que el ligamento cruzado anterior) que se localiza en la cara posterior superior de la tibia\u00a0 y en la cara inferior interna del f\u00e9mur, evitando que la tibia no se vaya hacia atr\u00e1s ... Read more","og_url":"https:\/\/ingenieriadebarcelona.es\/?page_id=399","og_site_name":"Artroesport","article_modified_time":"2019-03-25T12:43:32+00:00","twitter_card":"summary_large_image","twitter_misc":{"Tiempo de lectura":"2 minutos"},"schema":{"@context":"https:\/\/schema.org","@graph":[{"@type":"WebPage","@id":"https:\/\/ingenieriadebarcelona.es\/?page_id=399","url":"https:\/\/ingenieriadebarcelona.es\/?page_id=399","name":"Ligamento Cruzado Posterior - Artroesport","isPartOf":{"@id":"https:\/\/ingenieriadebarcelona.es\/#website"},"datePublished":"2019-03-25T12:15:08+00:00","dateModified":"2019-03-25T12:43:32+00:00","breadcrumb":{"@id":"https:\/\/ingenieriadebarcelona.es\/?page_id=399#breadcrumb"},"inLanguage":"es","potentialAction":[{"@type":"ReadAction","target":["https:\/\/ingenieriadebarcelona.es\/?page_id=399"]}]},{"@type":"BreadcrumbList","@id":"https:\/\/ingenieriadebarcelona.es\/?page_id=399#breadcrumb","itemListElement":[{"@type":"ListItem","position":1,"name":"Inicio","item":"https:\/\/ingenieriadebarcelona.es\/"},{"@type":"ListItem","position":2,"name":"Traumatolog\u00eda","item":"https:\/\/ingenieriadebarcelona.es\/?page_id=371"},{"@type":"ListItem","position":3,"name":"Ligamento Cruzado Posterior"}]},{"@type":"WebSite","@id":"https:\/\/ingenieriadebarcelona.es\/#website","url":"https:\/\/ingenieriadebarcelona.es\/","name":"Artroesport","description":"Artroesport","publisher":{"@id":"https:\/\/ingenieriadebarcelona.es\/#organization"},"potentialAction":[{"@type":"SearchAction","target":{"@type":"EntryPoint","urlTemplate":"https:\/\/ingenieriadebarcelona.es\/?s={search_term_string}"},"query-input":{"@type":"PropertyValueSpecification","valueRequired":true,"valueName":"search_term_string"}}],"inLanguage":"es"},{"@type":"Organization","@id":"https:\/\/ingenieriadebarcelona.es\/#organization","name":"Artroesport","url":"https:\/\/ingenieriadebarcelona.es\/","logo":{"@type":"ImageObject","inLanguage":"es","@id":"https:\/\/ingenieriadebarcelona.es\/#\/schema\/logo\/image\/","url":"https:\/\/ingenieriadebarcelona.es\/wp-content\/uploads\/2019\/04\/Logo_web-300.png","contentUrl":"https:\/\/ingenieriadebarcelona.es\/wp-content\/uploads\/2019\/04\/Logo_web-300.png","width":300,"height":45,"caption":"Artroesport"},"image":{"@id":"https:\/\/ingenieriadebarcelona.es\/#\/schema\/logo\/image\/"}}]}},"_links":{"self":[{"href":"https:\/\/ingenieriadebarcelona.es\/index.php?rest_route=\/wp\/v2\/pages\/399","targetHints":{"allow":["GET"]}}],"collection":[{"href":"https:\/\/ingenieriadebarcelona.es\/index.php?rest_route=\/wp\/v2\/pages"}],"about":[{"href":"https:\/\/ingenieriadebarcelona.es\/index.php?rest_route=\/wp\/v2\/types\/page"}],"author":[{"embeddable":true,"href":"https:\/\/ingenieriadebarcelona.es\/index.php?rest_route=\/wp\/v2\/users\/1"}],"replies":[{"embeddable":true,"href":"https:\/\/ingenieriadebarcelona.es\/index.php?rest_route=%2Fwp%2Fv2%2Fcomments&post=399"}],"version-history":[{"count":0,"href":"https:\/\/ingenieriadebarcelona.es\/index.php?rest_route=\/wp\/v2\/pages\/399\/revisions"}],"up":[{"embeddable":true,"href":"https:\/\/ingenieriadebarcelona.es\/index.php?rest_route=\/wp\/v2\/pages\/371"}],"wp:attachment":[{"href":"https:\/\/ingenieriadebarcelona.es\/index.php?rest_route=%2Fwp%2Fv2%2Fmedia&parent=399"}],"curies":[{"name":"wp","href":"https:\/\/api.w.org\/{rel}","templated":true}]}}