{"id":402,"date":"2019-03-25T12:18:01","date_gmt":"2019-03-25T12:18:01","guid":{"rendered":"https:\/\/ingenieriadebarcelona.es\/?page_id=402"},"modified":"2019-03-25T12:41:04","modified_gmt":"2019-03-25T12:41:04","slug":"dolor-lumbar","status":"publish","type":"page","link":"https:\/\/ingenieriadebarcelona.es\/?page_id=402","title":{"rendered":"Dolor lumbar"},"content":{"rendered":"\t\t<div data-elementor-type=\"wp-post\" data-elementor-id=\"402\" class=\"elementor elementor-402\" data-elementor-post-type=\"page\">\n\t\t\t\t\t\t<section class=\"elementor-section elementor-top-section elementor-element elementor-element-4f89b495 elementor-section-boxed elementor-section-height-default elementor-section-height-default\" data-id=\"4f89b495\" data-element_type=\"section\" data-settings=\"{&quot;background_background&quot;:&quot;classic&quot;}\">\n\t\t\t\t\t\t<div class=\"elementor-container elementor-column-gap-default\">\n\t\t\t\t\t<div class=\"elementor-column elementor-col-100 elementor-top-column elementor-element elementor-element-66fb778e\" data-id=\"66fb778e\" data-element_type=\"column\">\n\t\t\t<div class=\"elementor-widget-wrap elementor-element-populated\">\n\t\t\t\t\t\t<div class=\"elementor-element elementor-element-645314e6 elementor-widget elementor-widget-heading\" data-id=\"645314e6\" data-element_type=\"widget\" data-widget_type=\"heading.default\">\n\t\t\t\t<div class=\"elementor-widget-container\">\n\t\t\t\t\t<h1 class=\"elementor-heading-title elementor-size-default\">Dolor lumbar\n<\/h1>\t\t\t\t<\/div>\n\t\t\t\t<\/div>\n\t\t\t\t\t<\/div>\n\t\t<\/div>\n\t\t\t\t\t<\/div>\n\t\t<\/section>\n\t\t\t\t<section class=\"elementor-section elementor-top-section elementor-element elementor-element-1ce97e72 elementor-section-boxed elementor-section-height-default elementor-section-height-default\" data-id=\"1ce97e72\" data-element_type=\"section\">\n\t\t\t\t\t\t<div class=\"elementor-container elementor-column-gap-default\">\n\t\t\t\t\t<div class=\"elementor-column elementor-col-100 elementor-top-column elementor-element elementor-element-5b20a27f\" data-id=\"5b20a27f\" data-element_type=\"column\">\n\t\t\t<div class=\"elementor-widget-wrap elementor-element-populated\">\n\t\t\t\t\t\t<div class=\"elementor-element elementor-element-5714b7af elementor-widget elementor-widget-breadcrumbs\" data-id=\"5714b7af\" data-element_type=\"widget\" data-widget_type=\"breadcrumbs.default\">\n\t\t\t\t<div class=\"elementor-widget-container\">\n\t\t\t\t\t<p id=\"breadcrumbs\"><span><span><a href=\"https:\/\/ingenieriadebarcelona.es\/\">Inicio<\/a><\/span><\/span><\/p>\t\t\t\t<\/div>\n\t\t\t\t<\/div>\n\t\t\t\t\t<\/div>\n\t\t<\/div>\n\t\t\t\t\t<\/div>\n\t\t<\/section>\n\t\t\t\t<section class=\"elementor-section elementor-top-section elementor-element elementor-element-42228a5e elementor-section-boxed elementor-section-height-default elementor-section-height-default\" data-id=\"42228a5e\" data-element_type=\"section\">\n\t\t\t\t\t\t<div class=\"elementor-container elementor-column-gap-default\">\n\t\t\t\t\t<div class=\"elementor-column elementor-col-100 elementor-top-column elementor-element elementor-element-40d5b5d3\" data-id=\"40d5b5d3\" data-element_type=\"column\">\n\t\t\t<div class=\"elementor-widget-wrap elementor-element-populated\">\n\t\t\t\t\t\t<div class=\"elementor-element elementor-element-106995be elementor-widget elementor-widget-text-editor\" data-id=\"106995be\" data-element_type=\"widget\" data-widget_type=\"text-editor.default\">\n\t\t\t\t<div class=\"elementor-widget-container\">\n\t\t\t\t\t\t\t\t\t<p><b>\u00bfQUE ES EL DOLOR LUMBAR?<\/b><\/p><p>Son muchas las personas que padecen dolor lumbar, conocido como lumbalgia o lumbociatalgia, refiri\u00e9ndose al dolor que ocurre en la parte baja de la espalda.<\/p><div><img decoding=\"async\" class=\"alignnone size-full wp-image-456\" src=\"https:\/\/ingenieriadebarcelona.es\/wp-content\/uploads\/2019\/03\/hombre-dolor-lumbar.jpg\" alt=\"\" width=\"205\" height=\"200\" \/><\/div><p><b><br \/>\u00bfCUALES SON SUS CAUSAS?<\/b><\/p><p>Entre las causas m\u00e1s frecuentes tenemos:<\/p><ul><li>Degenerativas del disco \u2013 Hernias discales, protrusiones, desgarro del anillo, la artrosis, los s\u00edndromes facetarios, la artritis anquilopoll\u00e9tica, estenosis del canal.<\/li><li>Tumorales, como son los tumores benignos y malignos.<\/li><li>Infecciosas, osteomielitis, tuberculosis, abscesos.<\/li><li>Traum\u00e1ticas, como fracturas vertebrales, fracturas por osteoporosis, esguinces lumbares.<\/li><li>Inflamatorias, como la sacroileitis, s\u00edndrome piramidal.<\/li><li>Cong\u00e9nitas, espondil\u00f3lisis, v\u00e9rtebras supernumerarias.<\/li><\/ul><p>Como vemos, son muchas las causas, lo que hace dif\u00edcil, muchas veces, llegar a un diagn\u00f3stico r\u00e1pido y certero.<\/p><p><b>\u00bfCUALES SON SUS SINTOMAS?<\/b><\/p><p>Este dolor, puede acompa\u00f1arse de una serie de sintomatolog\u00edas como dolor en la pierna con hormigueo, parestesias o adormecimiento de la misma.<\/p><p>Otras veces el dolor sale de la punta de la nalga recorriendo la cara posterior de la pierna o lateral del muslo y gemelos, hasta los dedos de los pies, con sensaci\u00f3n de fallo y perdida del control de la misma.<\/p><p>Tambi\u00e9n se puede presentar desviaci\u00f3n de la espalda o el tronco hacia un lado, conocido como escoliosis ant\u00e1lgica o bandeo, donde el paciente por si solo no puede ponerse recto.<\/p><div><img fetchpriority=\"high\" decoding=\"async\" class=\"alignnone size-full wp-image-455\" src=\"https:\/\/ingenieriadebarcelona.es\/wp-content\/uploads\/2019\/03\/hernia-mapa-dolor.jpg\" alt=\"\" width=\"215\" height=\"275\" \/><\/div><p><b>\u00bfQUIEN PUEDE PADECERLO?<\/b><\/p><p>Se dice que m\u00e1s del 80 % de la poblaci\u00f3n, sufrir\u00e1 en alg\u00fan momento dolor lumbar, la edad m\u00e1s frecuente de \u00e9sta afecci\u00f3n, es entre los 30 y 60 a\u00f1os.<\/p><p>Esta patolog\u00eda es considera una causa mas absentismo laboral despu\u00e9s de los estados gripales. La lumbalgia es uno de los motivos mas frecuente de las consultas en los servicios de Traumatolog\u00eda y Cirug\u00eda Ortop\u00e9dica, puesto que puede aparecer tanto en trabajadores como en amas de casa, estudiantes.<\/p><p>\u00a0<\/p><p><b>\u00bfC\u00d3MO SE DIAGNOSTICA?<\/b><\/p><p>Lo m\u00e1s importante es poder diagnosticar la causa del dolor y aliviar sus s\u00edntomas, \u00e9sta patolog\u00eda es tratada por diferentes especialidades como m\u00e9dicos de familia, traumat\u00f3logos, reumat\u00f3logos, neur\u00f3logos.<\/p><p>Se realizara un cuestionario para conocer las causas posibles del dolor, como sobre esfuerzos al cargar un objeto pesado, un mal gesto, rigidez o dolor al levantarse de la cama o al estar largas horas de pie o sentado, si a tenido fiebre, mal estar general o p\u00e9rdida de peso.<\/p><p>Tendremos en cuenta el tiempo transcurrido de la lesi\u00f3n, en d\u00edas semanas y meses, as\u00ed como la intensidad del mismo, localizaci\u00f3n e irradiaci\u00f3n, si solamente est\u00e1 en la regi\u00f3n lumbar o se irradia hacia la pierna, si hay o no p\u00e9rdida de sensibilidad o fuerza del miembro<\/p><p>Evaluaremos en el examen f\u00edsico la marcha del paciente, si existe actitud escoli\u00f3tica o torsi\u00f3n del tronco, se palpar\u00e1n los puntos dolorosos y realizaremos maniobras de columna para confirmar la sintomatolog\u00eda descrita anteriormente por el paciente.<\/p><p>Se realizaran anal\u00edticas generales y espec\u00edficas para descartar procesos artr\u00edticos o reum\u00e1ticos, complement\u00e1ndolas con Radiograf\u00edas Simples aunque en la actualidad resonancia magn\u00e9tica (RM) nos aporta una gran informaci\u00f3n, que nos permite hacer un diagn\u00f3stico certero sobre la patolog\u00eda, por ejemplo: hernias discales, protrusiones, estenosis del canal, discopat\u00eda, s\u00edndrome facetario y otras anomal\u00edas. Aunque este examen esta contraindicado para pacientes que tengan implantado marcapasos, implantes coclear, estimulador nervioso, clic de aneurisma cerebral, fragmentos met\u00e1licos intraoculares, cuerpos extra\u00f1os ferromagn\u00e9ticos, presencia de alg\u00fan material desconocido, claustrofobia.<\/p><p>En estos casos podremos hacer uso de la Tomograf\u00eda Computarizada (TC) que nos permite valorar fracturas, tumoraciones, met\u00e1stasis, entre otros. La gammagraf\u00eda \u00f3sea, es otra de las pruebas que nos permite saber si hay actividad \u00f3sea ya sea, tumoraciones, met\u00e1stasis y procesos inflamatorios. La Electromiograf\u00eda, es un estudio de la velocidad de conducci\u00f3n del nervio, nos indica si la ra\u00edz que se encuentra afectada y si existe compresi\u00f3n de la misma.<\/p><div><img decoding=\"async\" class=\"alignnone size-full wp-image-454\" src=\"https:\/\/ingenieriadebarcelona.es\/wp-content\/uploads\/2019\/03\/hernia-discal.gif\" alt=\"\" width=\"201\" height=\"212\" \/><\/div><p><b>\u00a0<\/b><\/p><p><b>\u00bfCUAL ES EL TRATAMIENTO?<\/b><\/p><p>En primer lugar, debemos saber si estamos ante un dolor lumbar en fase aguda o de larga duraci\u00f3n. En los casos m\u00e1s agudos, d\u00f3nde solo hay lumbalgia de escasos d\u00edas de evoluci\u00f3n, el tratamiento ideal ser\u00e1 reposo, antinflamatorios, analg\u00e9sicos y relajantes musculares, si el paciente mejora, continuaremos con rehabilitaci\u00f3n, educaci\u00f3n postural y ejercicios fortalecedores de la musculatura de la espalda hasta que remita el dolor.<\/p><p>Si por el contrario el dolor no mejora deberemos realizar pruebas diagn\u00f3sticas con el fin de determinar las causas del dolor, entre las m\u00e1s comunes tenemos la hernia discal, protrusiones, s\u00edndrome facetario, estenosis o estrechamiento del canal, las cuales ser\u00e1n explicadas con m\u00e1s detalle a continuaci\u00f3n<\/p>\t\t\t\t\t\t\t\t<\/div>\n\t\t\t\t<\/div>\n\t\t\t\t\t<\/div>\n\t\t<\/div>\n\t\t\t\t\t<\/div>\n\t\t<\/section>\n\t\t\t\t<section class=\"elementor-section elementor-top-section elementor-element elementor-element-6ec9e4bb elementor-section-boxed elementor-section-height-default elementor-section-height-default\" data-id=\"6ec9e4bb\" data-element_type=\"section\">\n\t\t\t\t\t\t<div class=\"elementor-container elementor-column-gap-default\">\n\t\t\t\t\t<div class=\"elementor-column elementor-col-100 elementor-top-column elementor-element elementor-element-3333e69e\" data-id=\"3333e69e\" data-element_type=\"column\">\n\t\t\t<div class=\"elementor-widget-wrap elementor-element-populated\">\n\t\t\t\t\t\t<div class=\"elementor-element elementor-element-195aa89a elementor-widget elementor-widget-heading\" data-id=\"195aa89a\" data-element_type=\"widget\" data-widget_type=\"heading.default\">\n\t\t\t\t<div class=\"elementor-widget-container\">\n\t\t\t\t\t<h2 class=\"elementor-heading-title elementor-size-default\">Art\u00edculos relacionados<\/h2>\t\t\t\t<\/div>\n\t\t\t\t<\/div>\n\t\t\t\t<div class=\"elementor-element elementor-element-7fe34337 elementor-icon-list--layout-traditional elementor-list-item-link-full_width elementor-widget elementor-widget-icon-list\" data-id=\"7fe34337\" data-element_type=\"widget\" data-widget_type=\"icon-list.default\">\n\t\t\t\t<div class=\"elementor-widget-container\">\n\t\t\t\t\t\t\t<ul class=\"elementor-icon-list-items\">\n\t\t\t\t\t\t\t<li class=\"elementor-icon-list-item\">\n\t\t\t\t\t\t\t\t\t\t\t<span class=\"elementor-icon-list-icon\">\n\t\t\t\t\t\t\t\t\t\t\t\t\t\t\t\t<i class=\"fa fa-chevron-right\" aria-hidden=\"true\"><\/i>\n\t\t\t\t\t\t\t\t\t\t\t\t\t<\/span>\n\t\t\t\t\t\t\t\t\t\t<span class=\"elementor-icon-list-text\">El Cirujano - Lev\u00e1ntate y anda<\/span>\n\t\t\t\t\t\t\t\t\t<\/li>\n\t\t\t\t\t\t\t\t<li class=\"elementor-icon-list-item\">\n\t\t\t\t\t\t\t\t\t\t\t<span class=\"elementor-icon-list-icon\">\n\t\t\t\t\t\t\t\t\t\t\t\t\t\t\t\t<i class=\"fa fa-chevron-right\" aria-hidden=\"true\"><\/i>\n\t\t\t\t\t\t\t\t\t\t\t\t\t<\/span>\n\t\t\t\t\t\t\t\t\t\t<span class=\"elementor-icon-list-text\">Tratamientos de rodilla, hombro y columna lumbar<\/span>\n\t\t\t\t\t\t\t\t\t<\/li>\n\t\t\t\t\t\t<\/ul>\n\t\t\t\t\t\t<\/div>\n\t\t\t\t<\/div>\n\t\t\t\t\t<\/div>\n\t\t<\/div>\n\t\t\t\t\t<\/div>\n\t\t<\/section>\n\t\t\t\t<\/div>\n\t\t","protected":false},"excerpt":{"rendered":"<p>Dolor lumbar \u00bfQUE ES EL DOLOR LUMBAR? Son muchas las personas que padecen dolor lumbar, conocido como lumbalgia o lumbociatalgia, refiri\u00e9ndose al dolor que ocurre en la parte baja de la espalda. \u00bfCUALES SON SUS CAUSAS? Entre las causas m\u00e1s frecuentes tenemos: Degenerativas del disco \u2013 Hernias discales, protrusiones, desgarro del anillo, la artrosis, los &#8230; <a title=\"Dolor lumbar\" class=\"read-more\" href=\"https:\/\/ingenieriadebarcelona.es\/?page_id=402\" aria-label=\"Leer m\u00e1s sobre Dolor lumbar\">Read more<\/a><\/p>\n","protected":false},"author":1,"featured_media":0,"parent":371,"menu_order":0,"comment_status":"closed","ping_status":"closed","template":"","meta":{"footnotes":""},"class_list":["post-402","page","type-page","status-publish"],"yoast_head":"<!-- This site is optimized with the Yoast SEO plugin v26.3 - https:\/\/yoast.com\/wordpress\/plugins\/seo\/ -->\n<title>Dolor lumbar - Artroesport<\/title>\n<meta name=\"robots\" content=\"index, follow, max-snippet:-1, max-image-preview:large, max-video-preview:-1\" \/>\n<link rel=\"canonical\" href=\"https:\/\/ingenieriadebarcelona.es\/?page_id=402\" \/>\n<meta property=\"og:locale\" content=\"es_ES\" \/>\n<meta property=\"og:type\" content=\"article\" \/>\n<meta property=\"og:title\" content=\"Dolor lumbar - Artroesport\" \/>\n<meta property=\"og:description\" content=\"Dolor lumbar \u00bfQUE ES EL DOLOR LUMBAR? Son muchas las personas que padecen dolor lumbar, conocido como lumbalgia o lumbociatalgia, refiri\u00e9ndose al dolor que ocurre en la parte baja de la espalda. \u00bfCUALES SON SUS CAUSAS? Entre las causas m\u00e1s frecuentes tenemos: Degenerativas del disco \u2013 Hernias discales, protrusiones, desgarro del anillo, la artrosis, los ... Read more\" \/>\n<meta property=\"og:url\" content=\"https:\/\/ingenieriadebarcelona.es\/?page_id=402\" \/>\n<meta property=\"og:site_name\" content=\"Artroesport\" \/>\n<meta property=\"article:modified_time\" content=\"2019-03-25T12:41:04+00:00\" \/>\n<meta property=\"og:image\" content=\"https:\/\/ingenieriadebarcelona.es\/wp-content\/uploads\/2019\/03\/hombre-dolor-lumbar.jpg\" \/>\n<meta name=\"twitter:card\" content=\"summary_large_image\" \/>\n<meta name=\"twitter:label1\" content=\"Tiempo de lectura\" \/>\n\t<meta name=\"twitter:data1\" content=\"4 minutos\" \/>\n<script type=\"application\/ld+json\" class=\"yoast-schema-graph\">{\"@context\":\"https:\/\/schema.org\",\"@graph\":[{\"@type\":\"WebPage\",\"@id\":\"https:\/\/ingenieriadebarcelona.es\/?page_id=402\",\"url\":\"https:\/\/ingenieriadebarcelona.es\/?page_id=402\",\"name\":\"Dolor lumbar - Artroesport\",\"isPartOf\":{\"@id\":\"https:\/\/ingenieriadebarcelona.es\/#website\"},\"primaryImageOfPage\":{\"@id\":\"https:\/\/ingenieriadebarcelona.es\/?page_id=402#primaryimage\"},\"image\":{\"@id\":\"https:\/\/ingenieriadebarcelona.es\/?page_id=402#primaryimage\"},\"thumbnailUrl\":\"https:\/\/ingenieriadebarcelona.es\/wp-content\/uploads\/2019\/03\/hombre-dolor-lumbar.jpg\",\"datePublished\":\"2019-03-25T12:18:01+00:00\",\"dateModified\":\"2019-03-25T12:41:04+00:00\",\"breadcrumb\":{\"@id\":\"https:\/\/ingenieriadebarcelona.es\/?page_id=402#breadcrumb\"},\"inLanguage\":\"es\",\"potentialAction\":[{\"@type\":\"ReadAction\",\"target\":[\"https:\/\/ingenieriadebarcelona.es\/?page_id=402\"]}]},{\"@type\":\"ImageObject\",\"inLanguage\":\"es\",\"@id\":\"https:\/\/ingenieriadebarcelona.es\/?page_id=402#primaryimage\",\"url\":\"https:\/\/ingenieriadebarcelona.es\/wp-content\/uploads\/2019\/03\/hombre-dolor-lumbar.jpg\",\"contentUrl\":\"https:\/\/ingenieriadebarcelona.es\/wp-content\/uploads\/2019\/03\/hombre-dolor-lumbar.jpg\",\"width\":205,\"height\":200},{\"@type\":\"BreadcrumbList\",\"@id\":\"https:\/\/ingenieriadebarcelona.es\/?page_id=402#breadcrumb\",\"itemListElement\":[{\"@type\":\"ListItem\",\"position\":1,\"name\":\"Inicio\",\"item\":\"https:\/\/ingenieriadebarcelona.es\/\"},{\"@type\":\"ListItem\",\"position\":2,\"name\":\"Traumatolog\u00eda\",\"item\":\"https:\/\/ingenieriadebarcelona.es\/?page_id=371\"},{\"@type\":\"ListItem\",\"position\":3,\"name\":\"Dolor lumbar\"}]},{\"@type\":\"WebSite\",\"@id\":\"https:\/\/ingenieriadebarcelona.es\/#website\",\"url\":\"https:\/\/ingenieriadebarcelona.es\/\",\"name\":\"Artroesport\",\"description\":\"Artroesport\",\"publisher\":{\"@id\":\"https:\/\/ingenieriadebarcelona.es\/#organization\"},\"potentialAction\":[{\"@type\":\"SearchAction\",\"target\":{\"@type\":\"EntryPoint\",\"urlTemplate\":\"https:\/\/ingenieriadebarcelona.es\/?s={search_term_string}\"},\"query-input\":{\"@type\":\"PropertyValueSpecification\",\"valueRequired\":true,\"valueName\":\"search_term_string\"}}],\"inLanguage\":\"es\"},{\"@type\":\"Organization\",\"@id\":\"https:\/\/ingenieriadebarcelona.es\/#organization\",\"name\":\"Artroesport\",\"url\":\"https:\/\/ingenieriadebarcelona.es\/\",\"logo\":{\"@type\":\"ImageObject\",\"inLanguage\":\"es\",\"@id\":\"https:\/\/ingenieriadebarcelona.es\/#\/schema\/logo\/image\/\",\"url\":\"https:\/\/ingenieriadebarcelona.es\/wp-content\/uploads\/2019\/04\/Logo_web-300.png\",\"contentUrl\":\"https:\/\/ingenieriadebarcelona.es\/wp-content\/uploads\/2019\/04\/Logo_web-300.png\",\"width\":300,\"height\":45,\"caption\":\"Artroesport\"},\"image\":{\"@id\":\"https:\/\/ingenieriadebarcelona.es\/#\/schema\/logo\/image\/\"}}]}<\/script>\n<!-- \/ Yoast SEO plugin. -->","yoast_head_json":{"title":"Dolor lumbar - Artroesport","robots":{"index":"index","follow":"follow","max-snippet":"max-snippet:-1","max-image-preview":"max-image-preview:large","max-video-preview":"max-video-preview:-1"},"canonical":"https:\/\/ingenieriadebarcelona.es\/?page_id=402","og_locale":"es_ES","og_type":"article","og_title":"Dolor lumbar - Artroesport","og_description":"Dolor lumbar \u00bfQUE ES EL DOLOR LUMBAR? Son muchas las personas que padecen dolor lumbar, conocido como lumbalgia o lumbociatalgia, refiri\u00e9ndose al dolor que ocurre en la parte baja de la espalda. \u00bfCUALES SON SUS CAUSAS? Entre las causas m\u00e1s frecuentes tenemos: Degenerativas del disco \u2013 Hernias discales, protrusiones, desgarro del anillo, la artrosis, los ... Read more","og_url":"https:\/\/ingenieriadebarcelona.es\/?page_id=402","og_site_name":"Artroesport","article_modified_time":"2019-03-25T12:41:04+00:00","og_image":[{"url":"https:\/\/ingenieriadebarcelona.es\/wp-content\/uploads\/2019\/03\/hombre-dolor-lumbar.jpg","type":"","width":"","height":""}],"twitter_card":"summary_large_image","twitter_misc":{"Tiempo de lectura":"4 minutos"},"schema":{"@context":"https:\/\/schema.org","@graph":[{"@type":"WebPage","@id":"https:\/\/ingenieriadebarcelona.es\/?page_id=402","url":"https:\/\/ingenieriadebarcelona.es\/?page_id=402","name":"Dolor lumbar - Artroesport","isPartOf":{"@id":"https:\/\/ingenieriadebarcelona.es\/#website"},"primaryImageOfPage":{"@id":"https:\/\/ingenieriadebarcelona.es\/?page_id=402#primaryimage"},"image":{"@id":"https:\/\/ingenieriadebarcelona.es\/?page_id=402#primaryimage"},"thumbnailUrl":"https:\/\/ingenieriadebarcelona.es\/wp-content\/uploads\/2019\/03\/hombre-dolor-lumbar.jpg","datePublished":"2019-03-25T12:18:01+00:00","dateModified":"2019-03-25T12:41:04+00:00","breadcrumb":{"@id":"https:\/\/ingenieriadebarcelona.es\/?page_id=402#breadcrumb"},"inLanguage":"es","potentialAction":[{"@type":"ReadAction","target":["https:\/\/ingenieriadebarcelona.es\/?page_id=402"]}]},{"@type":"ImageObject","inLanguage":"es","@id":"https:\/\/ingenieriadebarcelona.es\/?page_id=402#primaryimage","url":"https:\/\/ingenieriadebarcelona.es\/wp-content\/uploads\/2019\/03\/hombre-dolor-lumbar.jpg","contentUrl":"https:\/\/ingenieriadebarcelona.es\/wp-content\/uploads\/2019\/03\/hombre-dolor-lumbar.jpg","width":205,"height":200},{"@type":"BreadcrumbList","@id":"https:\/\/ingenieriadebarcelona.es\/?page_id=402#breadcrumb","itemListElement":[{"@type":"ListItem","position":1,"name":"Inicio","item":"https:\/\/ingenieriadebarcelona.es\/"},{"@type":"ListItem","position":2,"name":"Traumatolog\u00eda","item":"https:\/\/ingenieriadebarcelona.es\/?page_id=371"},{"@type":"ListItem","position":3,"name":"Dolor lumbar"}]},{"@type":"WebSite","@id":"https:\/\/ingenieriadebarcelona.es\/#website","url":"https:\/\/ingenieriadebarcelona.es\/","name":"Artroesport","description":"Artroesport","publisher":{"@id":"https:\/\/ingenieriadebarcelona.es\/#organization"},"potentialAction":[{"@type":"SearchAction","target":{"@type":"EntryPoint","urlTemplate":"https:\/\/ingenieriadebarcelona.es\/?s={search_term_string}"},"query-input":{"@type":"PropertyValueSpecification","valueRequired":true,"valueName":"search_term_string"}}],"inLanguage":"es"},{"@type":"Organization","@id":"https:\/\/ingenieriadebarcelona.es\/#organization","name":"Artroesport","url":"https:\/\/ingenieriadebarcelona.es\/","logo":{"@type":"ImageObject","inLanguage":"es","@id":"https:\/\/ingenieriadebarcelona.es\/#\/schema\/logo\/image\/","url":"https:\/\/ingenieriadebarcelona.es\/wp-content\/uploads\/2019\/04\/Logo_web-300.png","contentUrl":"https:\/\/ingenieriadebarcelona.es\/wp-content\/uploads\/2019\/04\/Logo_web-300.png","width":300,"height":45,"caption":"Artroesport"},"image":{"@id":"https:\/\/ingenieriadebarcelona.es\/#\/schema\/logo\/image\/"}}]}},"_links":{"self":[{"href":"https:\/\/ingenieriadebarcelona.es\/index.php?rest_route=\/wp\/v2\/pages\/402","targetHints":{"allow":["GET"]}}],"collection":[{"href":"https:\/\/ingenieriadebarcelona.es\/index.php?rest_route=\/wp\/v2\/pages"}],"about":[{"href":"https:\/\/ingenieriadebarcelona.es\/index.php?rest_route=\/wp\/v2\/types\/page"}],"author":[{"embeddable":true,"href":"https:\/\/ingenieriadebarcelona.es\/index.php?rest_route=\/wp\/v2\/users\/1"}],"replies":[{"embeddable":true,"href":"https:\/\/ingenieriadebarcelona.es\/index.php?rest_route=%2Fwp%2Fv2%2Fcomments&post=402"}],"version-history":[{"count":0,"href":"https:\/\/ingenieriadebarcelona.es\/index.php?rest_route=\/wp\/v2\/pages\/402\/revisions"}],"up":[{"embeddable":true,"href":"https:\/\/ingenieriadebarcelona.es\/index.php?rest_route=\/wp\/v2\/pages\/371"}],"wp:attachment":[{"href":"https:\/\/ingenieriadebarcelona.es\/index.php?rest_route=%2Fwp%2Fv2%2Fmedia&parent=402"}],"curies":[{"name":"wp","href":"https:\/\/api.w.org\/{rel}","templated":true}]}}