{"id":601,"date":"2019-03-26T11:07:04","date_gmt":"2019-03-26T11:07:04","guid":{"rendered":"https:\/\/ingenieriadebarcelona.es\/?page_id=601"},"modified":"2019-03-26T11:09:03","modified_gmt":"2019-03-26T11:09:03","slug":"terapias-regenerativas","status":"publish","type":"page","link":"https:\/\/ingenieriadebarcelona.es\/?page_id=601","title":{"rendered":"Terapias Regenerativas"},"content":{"rendered":"\t\t<div data-elementor-type=\"wp-post\" data-elementor-id=\"601\" class=\"elementor elementor-601\" data-elementor-post-type=\"page\">\n\t\t\t\t\t\t<section class=\"elementor-section elementor-top-section elementor-element elementor-element-684229da elementor-section-boxed elementor-section-height-default elementor-section-height-default\" data-id=\"684229da\" data-element_type=\"section\" data-settings=\"{&quot;background_background&quot;:&quot;classic&quot;}\">\n\t\t\t\t\t\t<div class=\"elementor-container elementor-column-gap-default\">\n\t\t\t\t\t<div class=\"elementor-column elementor-col-100 elementor-top-column elementor-element elementor-element-8171ba\" data-id=\"8171ba\" data-element_type=\"column\">\n\t\t\t<div class=\"elementor-widget-wrap elementor-element-populated\">\n\t\t\t\t\t\t<div class=\"elementor-element elementor-element-1a728aa1 elementor-widget elementor-widget-heading\" data-id=\"1a728aa1\" data-element_type=\"widget\" data-widget_type=\"heading.default\">\n\t\t\t\t<div class=\"elementor-widget-container\">\n\t\t\t\t\t<h1 class=\"elementor-heading-title elementor-size-default\">Terapias Regenerativas<\/h1>\t\t\t\t<\/div>\n\t\t\t\t<\/div>\n\t\t\t\t\t<\/div>\n\t\t<\/div>\n\t\t\t\t\t<\/div>\n\t\t<\/section>\n\t\t\t\t<section class=\"elementor-section elementor-top-section elementor-element elementor-element-65422a09 elementor-section-boxed elementor-section-height-default elementor-section-height-default\" data-id=\"65422a09\" data-element_type=\"section\">\n\t\t\t\t\t\t<div class=\"elementor-container elementor-column-gap-default\">\n\t\t\t\t\t<div class=\"elementor-column elementor-col-100 elementor-top-column elementor-element elementor-element-32a0cf9d\" data-id=\"32a0cf9d\" data-element_type=\"column\">\n\t\t\t<div class=\"elementor-widget-wrap elementor-element-populated\">\n\t\t\t\t\t\t<div class=\"elementor-element elementor-element-5fa1c902 elementor-widget elementor-widget-breadcrumbs\" data-id=\"5fa1c902\" data-element_type=\"widget\" data-widget_type=\"breadcrumbs.default\">\n\t\t\t\t<div class=\"elementor-widget-container\">\n\t\t\t\t\t<p id=\"breadcrumbs\"><span><span><a href=\"https:\/\/ingenieriadebarcelona.es\/\">Inicio<\/a><\/span><\/span><\/p>\t\t\t\t<\/div>\n\t\t\t\t<\/div>\n\t\t\t\t\t<\/div>\n\t\t<\/div>\n\t\t\t\t\t<\/div>\n\t\t<\/section>\n\t\t\t\t<section class=\"elementor-section elementor-top-section elementor-element elementor-element-7e09ad38 elementor-section-boxed elementor-section-height-default elementor-section-height-default\" data-id=\"7e09ad38\" data-element_type=\"section\">\n\t\t\t\t\t\t<div class=\"elementor-container elementor-column-gap-default\">\n\t\t\t\t\t<div class=\"elementor-column elementor-col-100 elementor-top-column elementor-element elementor-element-8bac876\" data-id=\"8bac876\" data-element_type=\"column\">\n\t\t\t<div class=\"elementor-widget-wrap elementor-element-populated\">\n\t\t\t\t\t\t<div class=\"elementor-element elementor-element-1ee5dda9 elementor-widget elementor-widget-text-editor\" data-id=\"1ee5dda9\" data-element_type=\"widget\" data-widget_type=\"text-editor.default\">\n\t\t\t\t<div class=\"elementor-widget-container\">\n\t\t\t\t\t\t\t\t\t<p>La medicina regenerativa es aquella que se encarga de la regeneraci\u00f3n y reparaci\u00f3n de tejidos y \u00f3rganos para recuperar su funcionalidad evitando y tratando lesiones y patolog\u00edas. Abarca el conjunto de tratamientos y t\u00e9cnicas que estimulan el sistema inmunitario teniendo en cuenta la conducta adoptada por nuestro cuerpo para reemplazar las c\u00e9lulas da\u00f1adas por otras sanas en determinados tejidos.<br \/><br \/>Cuando un tejido se da\u00f1a nuestro organismo pone en marcha un sistema de autodefensa con el objetivo de reparar el tejido lesionado. La medicina regenerativa hace uso de estos mecanismos para implantarlos en la zona lesionada y as\u00ed acelerar el proceso de recuperaci\u00f3n de lesiones.\u00a0<br \/><br \/>Gracias a la medicina regenerativa es posible reducir y frenar los s\u00edntomas de lesiones que hasta el momento eran intratables como por ejemplo la artrosis, la psoriasis y la osteoporosis. Los tratamientos m\u00e1s conocidos en la medicina regenerativa son las C\u00e9lulas Madre y el Plasma Rico en Factores de Crecimiento que son cada vez m\u00e1s empleados por sus \u00f3ptimos resultados ya que aceleran la recuperaci\u00f3n de lesiones y reducen el dolor.<br \/><br \/>En definitiva, la medicina regenerativa conocida tambi\u00e9n como medicina biol\u00f3gica o molecular utiliza los mecanismos de nuestro organismo para recuperar, tratar y prevenir lesiones y enfermedades degenerativas como la artrosis y la artritis.<br \/><br \/><b><\/b><\/p><p><b>Tratamientos de Medicina Regenerativa:<\/b><\/p><p><strong>1. Factores de crecimiento<\/strong><br \/>Para que las c\u00e9lulas diferenciadas mantengan las posiciones adecuadas, las proporciones adecuadas, se reconozcan entre s\u00ed y se mantengan unidas formando un tejido, deben existir se\u00f1ales entre las mismas. Este sistema de comunicaci\u00f3n intercelular est\u00e1 constituido por sustancias variadas entre las que se encuentran las citoquinas, las interleuquinas y los factores de crecimiento.<br \/><br \/>Los factores de crecimiento participan en la formaci\u00f3n de hueso y cart\u00edlago, en la reparaci\u00f3n de fracturas \u00f3seas, tendones y ligamentos. Su uso terap\u00e9utico ha causado gran inter\u00e9s y desarrollo dentro de la medicina deportiva y la enfermedad por accidentes laborales.<br \/><br \/>A lo largo de estos \u00faltimos a\u00f1os la evidencia cl\u00ednica ha acreditado la eficacia de la terapia regenerativa con factores de crecimiento asociada a los enfoques reparativos en procedimientos de traumatolog\u00eda, odontolog\u00eda y cirug\u00eda maxilofacial, cirug\u00eda pl\u00e1stica, est\u00e9tica y cirug\u00eda reparadora. El inter\u00e9s de estas sustancias es que favorecen el \u00edndice de reparaci\u00f3n tisular tanto de tejidos blandos como de huesos, reducen el \u00edndice de infecci\u00f3n, el dolor y las p\u00e9rdidas hem\u00e1ticas.<br \/><br \/><strong>Los factores de crecimiento m\u00e1s conocidos e importantes son:<\/strong><\/p><ul><li>HC (hormona del crecimiento).<\/li><li>FCI-1 (factor del crecimiento insulinoide).<\/li><li>FCDP (factor de crecimiento derivado de las plaquetas).<\/li><li>FCVE (factor de crecimiento vascular endotelial).<\/li><li>FTC-beta (factor transformador del crecimiento-beta).<\/li><li>FCF a y FCF b (factor fibrobl\u00e1stico \u00e1cido y b\u00e1sico, adem\u00e1s de otros).<\/li><\/ul><p><br \/>Qu\u00edmicamente, los factores de crecimiento son p\u00e9ptidos o fragmentos proteicos activos biol\u00f3gicamente y son secretados por todas las c\u00e9lulas del organismo y que se acumulan en mayor cantidad en plaquetas, fibroblastos, gl\u00e1ndulas salivares, osteoblastos, l\u00e1grimas y ri\u00f1ones. Cuando aparece una lesi\u00f3n a nivel de epidermis, dermis, hueso o cualquier otro tejido son activados y a medida que avanza la edad su actuaci\u00f3n va disminuyendo.<br \/><br \/>La funci\u00f3n de estas sustancias es mediar en la emisi\u00f3n de una serie de se\u00f1ales entre las que destacan la migraci\u00f3n, la diferenciaci\u00f3n, la activaci\u00f3n y la mitosis celular. Las c\u00e9lulas receptoras pueden estar pr\u00f3ximas o no a las c\u00e9lulas emisoras.<br \/><br \/><strong>2.\u00a0C\u00e9lulas Madre<\/strong>\u00a0<br \/>fundamentalmente consiste en la extracci\u00f3n de \u00abc\u00e9lulas precursoras\u00bb a trav\u00e9s de una \u00absonda\u00bb en el tu\u00e9tano y en la grasa, esto se realiza en un sal\u00f3n especial est\u00e9ril, bajo sedaci\u00f3n (es indoloro), toma algo m\u00e1s de 30 minutos y estas c\u00e9lulas vivas se implantan en la rodilla, cadera o en la columna (afectadas por el desgaste), para que ellas entonces regeneren y reparen el tejido da\u00f1ado. Actualmente, solo un selecto grupo limitado de m\u00e9dicos tienen el conocimiento, capacidad y entrenamiento necesario (dentro y fuera de Estados Unidos) para efectuar este tipo de procedimiento.<br \/><br \/>Las c\u00e9lulas madre son capaces de regenerar nuevos tejidos, estimular el crecimiento celular, cosa que es imposible lograr con el PRP. En otras palabras, en aquellos casos con una p\u00e9rdida de tejido, en este caso cart\u00edlago (artritis) de la rodilla, cadera, hombro o tobillo, etc. (adem\u00e1s la degeneraci\u00f3n de los discos o articulaciones de la columna), est\u00e1 indicado tratarlos con implante de c\u00e9lulas madre \u00a1y responden de manera espectacular para aliviar estos problemas!<br \/><br \/>El PRP es muy efectivo para combatir casos de inflamaci\u00f3n como las tendinitis (muy com\u00fan entre los atletas y deportistas), adem\u00e1s de casos de da\u00f1os menores, los cuales tambi\u00e9n son extremadamente comunes, en dichos casos, es muy recomendable aplicar la terapia de PRP.<br \/><br \/><strong>3.\u00a0Ozono terapia<\/strong><br \/>La ozonoterapia es la utilizaci\u00f3n del ozono como recurso terap\u00e9utico complementario en el tratamiento y control de muchas enfermedades cr\u00f3nicas y en muchas patolog\u00edas es considerada un tratamiento de elecci\u00f3n por sus numerosos beneficios, m\u00ednimas contraindicaciones y efectos secundarios pasajeros.<br \/><br \/>El ozono es un gas formado por tres \u00e1tomos de ox\u00edgeno que tiene un efecto amplio y eficaz en el organismo. Este se obtiene a partir de un equipo especial de electro medicina.<br \/><br \/>Si bien la ozonoterapia no sustituye a ning\u00fan tratamiento, mejora y acelera su efectividad en un 85 a 9O por ciento de las enfermedades. Es una terapia netamente natural y con excelentes resultados desde el primer momento.<br \/><br \/><strong>\u00bfPor qu\u00e9 ozonoterapia?<\/strong><br \/>Porque, contrario a otras terapias alternativas, la ozonoterapia es un tratamiento ambulatorio sencillo que ofrece numerosas ventajas al paciente sin efectos t\u00f3xicos o adversos.<br \/><br \/><strong>Beneficios<\/strong><\/p><ul><li>Infiltraci\u00f3n en rodilla y carga de ozono.<\/li><li>Aumenta las defensas del organismo ante agresiones externas o tratamientos como la quimioterapia y la radioterapia.<\/li><li>Incrementa la liberaci\u00f3n de ox\u00edgeno, mejorando as\u00ed la circulaci\u00f3n general.<\/li><li>Disminuye el estr\u00e9s oxidativo.<\/li><li>Favorece la funci\u00f3n desintoxicante del h\u00edgado.<\/li><li>Es antiinflamatorio y germicida (produce la eliminaci\u00f3n de hongos, bacterias y virus).<\/li><li>Mejora las lesiones del h\u00edgado por consumo de alcohol o por virus.<\/li><li>Aplicaciones de la ozonoterapia en traumatolog\u00eda.<\/li><li>Hernias discales (cervical, dorsal y lumbar).<\/li><li>Hernias y fibrosis.<\/li><li>Lumbalgia.<\/li><li>Reumatismo articular.<\/li><li>Artritis.<\/li><li>Tendinitis.<\/li><\/ul>\t\t\t\t\t\t\t\t<\/div>\n\t\t\t\t<\/div>\n\t\t\t\t\t<\/div>\n\t\t<\/div>\n\t\t\t\t\t<\/div>\n\t\t<\/section>\n\t\t\t\t<\/div>\n\t\t","protected":false},"excerpt":{"rendered":"<p>Terapias Regenerativas La medicina regenerativa es aquella que se encarga de la regeneraci\u00f3n y reparaci\u00f3n de tejidos y \u00f3rganos para recuperar su funcionalidad evitando y tratando lesiones y patolog\u00edas. Abarca el conjunto de tratamientos y t\u00e9cnicas que estimulan el sistema inmunitario teniendo en cuenta la conducta adoptada por nuestro cuerpo para reemplazar las c\u00e9lulas da\u00f1adas &#8230; <a title=\"Terapias Regenerativas\" class=\"read-more\" href=\"https:\/\/ingenieriadebarcelona.es\/?page_id=601\" aria-label=\"Leer m\u00e1s sobre Terapias Regenerativas\">Read more<\/a><\/p>\n","protected":false},"author":1,"featured_media":0,"parent":0,"menu_order":0,"comment_status":"closed","ping_status":"closed","template":"","meta":{"footnotes":""},"class_list":["post-601","page","type-page","status-publish"],"yoast_head":"<!-- This site is optimized with the Yoast SEO plugin v26.3 - https:\/\/yoast.com\/wordpress\/plugins\/seo\/ -->\n<title>Terapias Regenerativas - Artroesport<\/title>\n<meta name=\"robots\" content=\"index, follow, max-snippet:-1, max-image-preview:large, max-video-preview:-1\" \/>\n<link rel=\"canonical\" href=\"https:\/\/ingenieriadebarcelona.es\/?page_id=601\" \/>\n<meta property=\"og:locale\" content=\"es_ES\" \/>\n<meta property=\"og:type\" content=\"article\" \/>\n<meta property=\"og:title\" content=\"Terapias Regenerativas - Artroesport\" \/>\n<meta property=\"og:description\" content=\"Terapias Regenerativas La medicina regenerativa es aquella que se encarga de la regeneraci\u00f3n y reparaci\u00f3n de tejidos y \u00f3rganos para recuperar su funcionalidad evitando y tratando lesiones y patolog\u00edas. Abarca el conjunto de tratamientos y t\u00e9cnicas que estimulan el sistema inmunitario teniendo en cuenta la conducta adoptada por nuestro cuerpo para reemplazar las c\u00e9lulas da\u00f1adas ... Read more\" \/>\n<meta property=\"og:url\" content=\"https:\/\/ingenieriadebarcelona.es\/?page_id=601\" \/>\n<meta property=\"og:site_name\" content=\"Artroesport\" \/>\n<meta property=\"article:modified_time\" content=\"2019-03-26T11:09:03+00:00\" \/>\n<meta name=\"twitter:card\" content=\"summary_large_image\" \/>\n<meta name=\"twitter:label1\" content=\"Tiempo de lectura\" \/>\n\t<meta name=\"twitter:data1\" content=\"5 minutos\" \/>\n<script type=\"application\/ld+json\" class=\"yoast-schema-graph\">{\"@context\":\"https:\/\/schema.org\",\"@graph\":[{\"@type\":\"WebPage\",\"@id\":\"https:\/\/ingenieriadebarcelona.es\/?page_id=601\",\"url\":\"https:\/\/ingenieriadebarcelona.es\/?page_id=601\",\"name\":\"Terapias Regenerativas - Artroesport\",\"isPartOf\":{\"@id\":\"https:\/\/ingenieriadebarcelona.es\/#website\"},\"datePublished\":\"2019-03-26T11:07:04+00:00\",\"dateModified\":\"2019-03-26T11:09:03+00:00\",\"breadcrumb\":{\"@id\":\"https:\/\/ingenieriadebarcelona.es\/?page_id=601#breadcrumb\"},\"inLanguage\":\"es\",\"potentialAction\":[{\"@type\":\"ReadAction\",\"target\":[\"https:\/\/ingenieriadebarcelona.es\/?page_id=601\"]}]},{\"@type\":\"BreadcrumbList\",\"@id\":\"https:\/\/ingenieriadebarcelona.es\/?page_id=601#breadcrumb\",\"itemListElement\":[{\"@type\":\"ListItem\",\"position\":1,\"name\":\"Inicio\",\"item\":\"https:\/\/ingenieriadebarcelona.es\/\"},{\"@type\":\"ListItem\",\"position\":2,\"name\":\"Terapias Regenerativas\"}]},{\"@type\":\"WebSite\",\"@id\":\"https:\/\/ingenieriadebarcelona.es\/#website\",\"url\":\"https:\/\/ingenieriadebarcelona.es\/\",\"name\":\"Artroesport\",\"description\":\"Artroesport\",\"publisher\":{\"@id\":\"https:\/\/ingenieriadebarcelona.es\/#organization\"},\"potentialAction\":[{\"@type\":\"SearchAction\",\"target\":{\"@type\":\"EntryPoint\",\"urlTemplate\":\"https:\/\/ingenieriadebarcelona.es\/?s={search_term_string}\"},\"query-input\":{\"@type\":\"PropertyValueSpecification\",\"valueRequired\":true,\"valueName\":\"search_term_string\"}}],\"inLanguage\":\"es\"},{\"@type\":\"Organization\",\"@id\":\"https:\/\/ingenieriadebarcelona.es\/#organization\",\"name\":\"Artroesport\",\"url\":\"https:\/\/ingenieriadebarcelona.es\/\",\"logo\":{\"@type\":\"ImageObject\",\"inLanguage\":\"es\",\"@id\":\"https:\/\/ingenieriadebarcelona.es\/#\/schema\/logo\/image\/\",\"url\":\"https:\/\/ingenieriadebarcelona.es\/wp-content\/uploads\/2019\/04\/Logo_web-300.png\",\"contentUrl\":\"https:\/\/ingenieriadebarcelona.es\/wp-content\/uploads\/2019\/04\/Logo_web-300.png\",\"width\":300,\"height\":45,\"caption\":\"Artroesport\"},\"image\":{\"@id\":\"https:\/\/ingenieriadebarcelona.es\/#\/schema\/logo\/image\/\"}}]}<\/script>\n<!-- \/ Yoast SEO plugin. -->","yoast_head_json":{"title":"Terapias Regenerativas - Artroesport","robots":{"index":"index","follow":"follow","max-snippet":"max-snippet:-1","max-image-preview":"max-image-preview:large","max-video-preview":"max-video-preview:-1"},"canonical":"https:\/\/ingenieriadebarcelona.es\/?page_id=601","og_locale":"es_ES","og_type":"article","og_title":"Terapias Regenerativas - Artroesport","og_description":"Terapias Regenerativas La medicina regenerativa es aquella que se encarga de la regeneraci\u00f3n y reparaci\u00f3n de tejidos y \u00f3rganos para recuperar su funcionalidad evitando y tratando lesiones y patolog\u00edas. Abarca el conjunto de tratamientos y t\u00e9cnicas que estimulan el sistema inmunitario teniendo en cuenta la conducta adoptada por nuestro cuerpo para reemplazar las c\u00e9lulas da\u00f1adas ... Read more","og_url":"https:\/\/ingenieriadebarcelona.es\/?page_id=601","og_site_name":"Artroesport","article_modified_time":"2019-03-26T11:09:03+00:00","twitter_card":"summary_large_image","twitter_misc":{"Tiempo de lectura":"5 minutos"},"schema":{"@context":"https:\/\/schema.org","@graph":[{"@type":"WebPage","@id":"https:\/\/ingenieriadebarcelona.es\/?page_id=601","url":"https:\/\/ingenieriadebarcelona.es\/?page_id=601","name":"Terapias Regenerativas - Artroesport","isPartOf":{"@id":"https:\/\/ingenieriadebarcelona.es\/#website"},"datePublished":"2019-03-26T11:07:04+00:00","dateModified":"2019-03-26T11:09:03+00:00","breadcrumb":{"@id":"https:\/\/ingenieriadebarcelona.es\/?page_id=601#breadcrumb"},"inLanguage":"es","potentialAction":[{"@type":"ReadAction","target":["https:\/\/ingenieriadebarcelona.es\/?page_id=601"]}]},{"@type":"BreadcrumbList","@id":"https:\/\/ingenieriadebarcelona.es\/?page_id=601#breadcrumb","itemListElement":[{"@type":"ListItem","position":1,"name":"Inicio","item":"https:\/\/ingenieriadebarcelona.es\/"},{"@type":"ListItem","position":2,"name":"Terapias Regenerativas"}]},{"@type":"WebSite","@id":"https:\/\/ingenieriadebarcelona.es\/#website","url":"https:\/\/ingenieriadebarcelona.es\/","name":"Artroesport","description":"Artroesport","publisher":{"@id":"https:\/\/ingenieriadebarcelona.es\/#organization"},"potentialAction":[{"@type":"SearchAction","target":{"@type":"EntryPoint","urlTemplate":"https:\/\/ingenieriadebarcelona.es\/?s={search_term_string}"},"query-input":{"@type":"PropertyValueSpecification","valueRequired":true,"valueName":"search_term_string"}}],"inLanguage":"es"},{"@type":"Organization","@id":"https:\/\/ingenieriadebarcelona.es\/#organization","name":"Artroesport","url":"https:\/\/ingenieriadebarcelona.es\/","logo":{"@type":"ImageObject","inLanguage":"es","@id":"https:\/\/ingenieriadebarcelona.es\/#\/schema\/logo\/image\/","url":"https:\/\/ingenieriadebarcelona.es\/wp-content\/uploads\/2019\/04\/Logo_web-300.png","contentUrl":"https:\/\/ingenieriadebarcelona.es\/wp-content\/uploads\/2019\/04\/Logo_web-300.png","width":300,"height":45,"caption":"Artroesport"},"image":{"@id":"https:\/\/ingenieriadebarcelona.es\/#\/schema\/logo\/image\/"}}]}},"_links":{"self":[{"href":"https:\/\/ingenieriadebarcelona.es\/index.php?rest_route=\/wp\/v2\/pages\/601","targetHints":{"allow":["GET"]}}],"collection":[{"href":"https:\/\/ingenieriadebarcelona.es\/index.php?rest_route=\/wp\/v2\/pages"}],"about":[{"href":"https:\/\/ingenieriadebarcelona.es\/index.php?rest_route=\/wp\/v2\/types\/page"}],"author":[{"embeddable":true,"href":"https:\/\/ingenieriadebarcelona.es\/index.php?rest_route=\/wp\/v2\/users\/1"}],"replies":[{"embeddable":true,"href":"https:\/\/ingenieriadebarcelona.es\/index.php?rest_route=%2Fwp%2Fv2%2Fcomments&post=601"}],"version-history":[{"count":0,"href":"https:\/\/ingenieriadebarcelona.es\/index.php?rest_route=\/wp\/v2\/pages\/601\/revisions"}],"wp:attachment":[{"href":"https:\/\/ingenieriadebarcelona.es\/index.php?rest_route=%2Fwp%2Fv2%2Fmedia&parent=601"}],"curies":[{"name":"wp","href":"https:\/\/api.w.org\/{rel}","templated":true}]}}